CRAN Package Check Results for Package satscanMapper

Last updated on 2019-12-14 05:47:44 CET.

Flavor Version Tinstall Tcheck Ttotal Status Flags
r-devel-linux-x86_64-debian-clang 1.0.1 9.21 58.73 67.94 NOTE
r-devel-linux-x86_64-debian-gcc 1.0.1 8.49 48.07 56.56 NOTE
r-devel-linux-x86_64-fedora-clang 1.0.1 84.24 NOTE
r-devel-linux-x86_64-fedora-gcc 1.0.1 85.47 NOTE
r-devel-windows-ix86+x86_64 1.0.1 19.00 119.00 138.00 OK
r-devel-windows-ix86+x86_64-gcc8 1.0.1 35.00 124.00 159.00 OK
r-patched-linux-x86_64 1.0.1 6.79 54.46 61.25 OK
r-patched-solaris-x86 1.0.1 126.00 OK
r-release-linux-x86_64 1.0.1 6.76 54.34 61.10 OK
r-release-windows-ix86+x86_64 1.0.1 19.00 82.00 101.00 OK
r-release-osx-x86_64 1.0.1 OK
r-oldrel-windows-ix86+x86_64 1.0.1 13.00 108.00 121.00 OK
r-oldrel-osx-x86_64 1.0.1 OK

Check Details

Version: 1.0.1
Check: for non-standard things in the check directory
Result: NOTE
    Found the following files/directories:
     'stateLung-R01.pdf' 'stateLung-R01.txt'
Flavors: r-devel-linux-x86_64-debian-clang, r-devel-linux-x86_64-debian-gcc, r-devel-linux-x86_64-fedora-clang, r-devel-linux-x86_64-fedora-gcc