CRAN Package Check Results for Package satscanMapper

Last updated on 2019-08-22 05:47:11 CEST.

Flavor Version Tinstall Tcheck Ttotal Status Flags
r-devel-linux-x86_64-debian-clang 1.0.1 8.70 56.15 64.85 NOTE
r-devel-linux-x86_64-debian-gcc 1.0.1 7.52 44.15 51.67 NOTE
r-devel-linux-x86_64-fedora-clang 1.0.1 77.90 NOTE
r-devel-linux-x86_64-fedora-gcc 1.0.1 76.97 NOTE
r-devel-windows-ix86+x86_64 1.0.1 31.00 129.00 160.00 OK
r-patched-linux-x86_64 1.0.1 7.64 54.77 62.41 OK
r-patched-solaris-x86 1.0.1 143.30 OK
r-release-linux-x86_64 1.0.1 7.81 55.42 63.23 OK
r-release-windows-ix86+x86_64 1.0.1 26.00 123.00 149.00 OK
r-release-osx-x86_64 1.0.1 OK
r-oldrel-windows-ix86+x86_64 1.0.1 17.00 108.00 125.00 OK
r-oldrel-osx-x86_64 1.0.1 OK

Check Details

Version: 1.0.1
Check: for non-standard things in the check directory
Result: NOTE
    Found the following files/directories:
     'stateLung-R01.pdf' 'stateLung-R01.txt'
Flavors: r-devel-linux-x86_64-debian-clang, r-devel-linux-x86_64-debian-gcc, r-devel-linux-x86_64-fedora-clang, r-devel-linux-x86_64-fedora-gcc