CRAN Package Check Results for Package sazedR

Last updated on 2020-09-22 05:51:06 CEST.

Flavor Version Tinstall Tcheck Ttotal Status Flags
r-devel-linux-x86_64-debian-clang 2.0.1 3.97 34.31 38.28 OK
r-devel-linux-x86_64-debian-gcc 2.0.1 0.26 1.84 2.10 ERROR
r-devel-linux-x86_64-fedora-clang 2.0.1 57.58 NOTE
r-devel-linux-x86_64-fedora-gcc 2.0.1 46.35 NOTE
r-devel-windows-ix86+x86_64 2.0.1 10.00 41.00 51.00 OK
r-patched-linux-x86_64 2.0.1 3.39 33.50 36.89 OK
r-patched-solaris-x86 2.0.1 67.00 OK
r-release-linux-x86_64 2.0.1 4.39 33.17 37.56 OK
r-release-macos-x86_64 2.0.1 OK
r-release-windows-ix86+x86_64 2.0.1 10.00 54.00 64.00 OK
r-oldrel-macos-x86_64 2.0.1 OK
r-oldrel-windows-ix86+x86_64 2.0.1 5.00 54.00 59.00 OK

Check Details

Version: 2.0.1
Check: whether package can be installed
Result: ERROR
    Installation failed.
Flavor: r-devel-linux-x86_64-debian-gcc

Version: 2.0.1
Check: R code for possible problems
Result: NOTE
    Possibly missing '()' after 'return' in the following function:
     ‘sazed’
Flavors: r-devel-linux-x86_64-fedora-clang, r-devel-linux-x86_64-fedora-gcc