CRAN Package Check Results for Package sbfc

Last updated on 2022-08-15 05:49:32 CEST.

Flavor Version Tinstall Tcheck Ttotal Status Flags
r-devel-linux-x86_64-debian-clang 1.0.3 51.24 94.75 145.99 OK
r-devel-linux-x86_64-debian-gcc 1.0.3 44.11 75.17 119.28 OK
r-devel-linux-x86_64-fedora-clang 1.0.3 199.23 OK
r-devel-linux-x86_64-fedora-gcc 1.0.3 193.73 OK
r-devel-windows-x86_64 1.0.3 49.00 139.00 188.00 OK
r-patched-linux-x86_64 1.0.3 45.03 95.28 140.31 OK
r-release-linux-x86_64 1.0.3 36.59 94.96 131.55 OK
r-release-macos-arm64 1.0.3 48.00 OK
r-release-macos-x86_64 1.0.3 101.00 OK
r-release-windows-x86_64 1.0.3 44.00 137.00 181.00 OK
r-oldrel-macos-arm64 1.0.3 54.00 NOTE
r-oldrel-macos-x86_64 1.0.3 69.00 OK
r-oldrel-windows-ix86+x86_64 1.0.3 113.00 177.00 290.00 OK

Check Details

Version: 1.0.3
Check: installed package size
Result: NOTE
     installed size is 5.8Mb
     sub-directories of 1Mb or more:
     data 2.0Mb
     libs 3.6Mb
Flavor: r-oldrel-macos-arm64