CRAN Package Check Results for Package sbmSDP

Last updated on 2024-06-16 06:58:57 CEST.

Flavor Version Tinstall Tcheck Ttotal Status Flags
r-devel-linux-x86_64-debian-clang 0.2 34.45 33.15 67.60 OK
r-devel-linux-x86_64-debian-gcc 0.2 25.28 25.86 51.14 OK
r-devel-linux-x86_64-fedora-clang 0.2 94.11 NOTE
r-devel-linux-x86_64-fedora-gcc 0.2 97.46 NOTE
r-devel-windows-x86_64 0.2 29.00 64.00 93.00 OK
r-patched-linux-x86_64 0.2 29.91 32.74 62.65 OK
r-release-linux-x86_64 0.2 26.88 32.58 59.46 OK
r-release-macos-arm64 0.2 29.00 OK
r-release-macos-x86_64 0.2 37.00 OK
r-release-windows-x86_64 0.2 28.00 63.00 91.00 OK
r-oldrel-macos-arm64 0.2 29.00 OK
r-oldrel-macos-x86_64 0.2 43.00 OK
r-oldrel-windows-x86_64 0.2 35.00 74.00 109.00 OK

Check Details

Version: 0.2
Check: compiled code
Result: NOTE File ‘sbmSDP/libs/sbmSDP.so’: Found no calls to: ‘R_registerRoutines’, ‘R_useDynamicSymbols’ It is good practice to register native routines and to disable symbol search. See ‘Writing portable packages’ in the ‘Writing R Extensions’ manual. Flavors: r-devel-linux-x86_64-fedora-clang, r-devel-linux-x86_64-fedora-gcc