CRAN Package Check Results for Package scINSIGHT

Last updated on 2024-06-13 06:58:17 CEST.

Flavor Version Tinstall Tcheck Ttotal Status Flags
r-devel-linux-x86_64-debian-clang 0.1.4 70.51 40.70 111.21 NOTE
r-devel-linux-x86_64-debian-gcc 0.1.4 0.32 1.56 1.88 ERROR
r-devel-linux-x86_64-fedora-clang 0.1.4 146.97 NOTE
r-devel-linux-x86_64-fedora-gcc 0.1.4 159.17 NOTE
r-devel-windows-x86_64 0.1.4 53.00 66.00 119.00 NOTE
r-patched-linux-x86_64 0.1.4 63.91 39.84 103.75 NOTE
r-release-linux-x86_64 0.1.4 60.23 39.66 99.89 NOTE
r-release-macos-arm64 0.1.4 39.00 NOTE
r-release-macos-x86_64 0.1.4 46.00 NOTE
r-release-windows-x86_64 0.1.4 52.00 71.00 123.00 NOTE
r-oldrel-macos-arm64 0.1.4 41.00 NOTE
r-oldrel-macos-x86_64 0.1.4 60.00 NOTE
r-oldrel-windows-x86_64 0.1.4 63.00 80.00 143.00 NOTE

Check Details

Version: 0.1.4
Check: C++ specification
Result: NOTE Specified C++11: please drop specification unless essential Flavors: r-devel-linux-x86_64-debian-clang, r-devel-linux-x86_64-fedora-clang, r-devel-linux-x86_64-fedora-gcc, r-devel-windows-x86_64, r-patched-linux-x86_64, r-release-linux-x86_64, r-release-macos-arm64, r-release-macos-x86_64, r-release-windows-x86_64, r-oldrel-macos-arm64, r-oldrel-macos-x86_64, r-oldrel-windows-x86_64

Version: 0.1.4
Check: package dependencies
Result: ERROR Packages required but not available: 'igraph', 'stringr' See section ‘The DESCRIPTION file’ in the ‘Writing R Extensions’ manual. Flavor: r-devel-linux-x86_64-debian-gcc