CRAN Package Check Results for Package scISR

Last updated on 2024-06-13 06:58:17 CEST.

Flavor Version Tinstall Tcheck Ttotal Status Flags
r-devel-linux-x86_64-debian-clang 0.1.1 8.39 76.36 84.75 OK
r-devel-linux-x86_64-debian-gcc 0.1.1 7.78 57.98 65.76 NOTE
r-devel-linux-x86_64-fedora-clang 0.1.1 109.50 NOTE
r-devel-linux-x86_64-fedora-gcc 0.1.1 116.02 NOTE
r-devel-windows-x86_64 0.1.1 8.00 71.00 79.00 OK
r-patched-linux-x86_64 0.1.1 9.69 75.08 84.77 OK
r-release-linux-x86_64 0.1.1 8.87 75.35 84.22 OK
r-release-macos-arm64 0.1.1 39.00 OK
r-release-macos-x86_64 0.1.1 67.00 OK
r-release-windows-x86_64 0.1.1 9.00 76.00 85.00 OK
r-oldrel-macos-arm64 0.1.1 45.00 OK
r-oldrel-macos-x86_64 0.1.1 70.00 OK
r-oldrel-windows-x86_64 0.1.1 12.00 83.00 95.00 OK

Check Details

Version: 0.1.1
Check: package dependencies
Result: NOTE Package suggested but not available for checking: ‘testthat’ Flavor: r-devel-linux-x86_64-debian-gcc

Version: 0.1.1
Check: dependencies in R code
Result: NOTE Namespace in Imports field not imported from: ‘markdown’ All declared Imports should be used. Flavors: r-devel-linux-x86_64-fedora-clang, r-devel-linux-x86_64-fedora-gcc