Last updated on 2022-08-19 05:53:01 CEST.
Flavor | Version | Tinstall | Tcheck | Ttotal | Status | Flags |
---|---|---|---|---|---|---|
r-devel-linux-x86_64-debian-clang | 1.0.2 | 73.59 | 286.21 | 359.80 | NOTE | |
r-devel-linux-x86_64-debian-gcc | 1.0.2 | 57.97 | 209.86 | 267.83 | NOTE | |
r-devel-linux-x86_64-fedora-clang | 1.0.2 | 490.71 | NOTE | |||
r-devel-linux-x86_64-fedora-gcc | 1.0.2 | 467.30 | NOTE | |||
r-devel-windows-x86_64 | 1.0.2 | 94.00 | 334.00 | 428.00 | OK | |
r-patched-linux-x86_64 | 1.0.2 | 60.79 | 267.61 | 328.40 | NOTE | |
r-release-linux-x86_64 | 1.0.2 | NOTE | ||||
r-release-macos-arm64 | 1.0.2 | 113.00 | OK | |||
r-release-macos-x86_64 | 1.0.2 | 192.00 | OK | |||
r-release-windows-x86_64 | 1.0.2 | 97.00 | 322.00 | 419.00 | OK | |
r-oldrel-macos-arm64 | 1.0.2 | 81.00 | OK | |||
r-oldrel-macos-x86_64 | 1.0.2 | 137.00 | OK | |||
r-oldrel-windows-ix86+x86_64 | 1.0.2 | 165.00 | 414.00 | 579.00 | OK |
Version: 1.0.2
Check: package dependencies
Result: NOTE
Package suggested but not available for checking: 'ssvd'
Flavors: r-devel-linux-x86_64-debian-clang, r-devel-linux-x86_64-debian-gcc, r-patched-linux-x86_64, r-release-linux-x86_64
Version: 1.0.2
Check: package dependencies
Result: NOTE
Packages suggested but not available for checking:
'ssvd', 'conos', 'pagoda2'
Flavors: r-devel-linux-x86_64-fedora-clang, r-devel-linux-x86_64-fedora-gcc