CRAN Package Check Results for Package scagnostics

Last updated on 2020-05-30 05:48:16 CEST.

Flavor Version Tinstall Tcheck Ttotal Status Flags
r-devel-linux-x86_64-debian-clang 0.2-4.1 3.32 32.69 36.01 NOTE
r-devel-linux-x86_64-debian-gcc 0.2-4.1 2.60 26.41 29.01 NOTE
r-devel-linux-x86_64-fedora-clang 0.2-4.1 44.75 NOTE
r-devel-linux-x86_64-fedora-gcc 0.2-4.1 44.89 NOTE
r-devel-windows-ix86+x86_64 0.2-4.1 10.00 50.00 60.00 OK
r-patched-linux-x86_64 0.2-4.1 3.71 32.35 36.06 NOTE
r-patched-solaris-x86 0.2-4.1 68.50 OK
r-release-linux-x86_64 0.2-4.1 3.40 32.34 35.74 NOTE
r-release-osx-x86_64 0.2-4.1 OK
r-release-windows-ix86+x86_64 0.2-4.1 7.00 62.00 69.00 OK
r-oldrel-osx-x86_64 0.2-4.1 OK
r-oldrel-windows-ix86+x86_64 0.2-4.1 7.00 41.00 48.00 OK

Check Details

Version: 0.2-4.1
Check: top-level files
Result: NOTE
    Non-standard file/directory found at top level:
     'src-java'
Flavors: r-devel-linux-x86_64-debian-clang, r-devel-linux-x86_64-debian-gcc, r-devel-linux-x86_64-fedora-clang, r-devel-linux-x86_64-fedora-gcc, r-patched-linux-x86_64, r-release-linux-x86_64