CRAN Package Check Results for Package scagnostics

Last updated on 2019-10-19 05:47:32 CEST.

Flavor Version Tinstall Tcheck Ttotal Status Flags
r-devel-linux-x86_64-debian-clang 0.2-4.1 3.10 30.32 33.42 NOTE
r-devel-linux-x86_64-debian-gcc 0.2-4.1 2.55 23.83 26.38 NOTE
r-devel-linux-x86_64-fedora-clang 0.2-4.1 44.66 NOTE
r-devel-linux-x86_64-fedora-gcc 0.2-4.1 42.33 NOTE
r-devel-windows-ix86+x86_64 0.2-4.1 8.00 5.00 13.00 ERROR
r-patched-linux-x86_64 0.2-4.1 2.65 29.71 32.36 NOTE
r-patched-solaris-x86 0.2-4.1 65.90 OK
r-release-linux-x86_64 0.2-4.1 2.85 29.72 32.57 NOTE
r-release-windows-ix86+x86_64 0.2-4.1 7.00 55.00 62.00 OK
r-release-osx-x86_64 0.2-4.1 OK
r-oldrel-windows-ix86+x86_64 0.2-4.1 4.00 38.00 42.00 OK
r-oldrel-osx-x86_64 0.2-4.1 OK

Check Details

Version: 0.2-4.1
Check: top-level files
Result: NOTE
    Non-standard file/directory found at top level:
     'src-java'
Flavors: r-devel-linux-x86_64-debian-clang, r-devel-linux-x86_64-debian-gcc, r-devel-linux-x86_64-fedora-clang, r-devel-linux-x86_64-fedora-gcc, r-patched-linux-x86_64, r-release-linux-x86_64

Version: 0.2-4.1
Check: whether package can be installed
Result: ERROR
    Installation failed.
Flavor: r-devel-windows-ix86+x86_64