CRAN Package Check Results for Package scales

Last updated on 2019-07-16 05:48:31 CEST.

Flavor Version Tinstall Tcheck Ttotal Status Flags
r-devel-linux-x86_64-debian-clang 1.0.0 17.76 37.45 55.21 OK
r-devel-linux-x86_64-debian-gcc 1.0.0 15.31 28.92 44.23 OK
r-devel-linux-x86_64-fedora-clang 1.0.0 72.28 NOTE
r-devel-linux-x86_64-fedora-gcc 1.0.0 68.75 NOTE
r-devel-windows-ix86+x86_64 1.0.0 57.00 67.00 124.00 OK
r-patched-linux-x86_64 1.0.0 18.43 37.22 55.65 OK
r-patched-solaris-x86 1.0.0 90.00 NOTE
r-release-linux-x86_64 1.0.0 16.83 36.96 53.79 OK
r-release-windows-ix86+x86_64 1.0.0 39.00 73.00 112.00 OK
r-release-osx-x86_64 1.0.0 NOTE
r-oldrel-windows-ix86+x86_64 1.0.0 54.00 65.00 119.00 OK
r-oldrel-osx-x86_64 1.0.0 NOTE

Check Details

Version: 1.0.0
Check: dependencies in R code
Result: NOTE
    Namespace in Imports field not imported from: ‘R6’
     All declared Imports should be used.
Flavors: r-devel-linux-x86_64-fedora-clang, r-devel-linux-x86_64-fedora-gcc, r-patched-solaris-x86, r-release-osx-x86_64, r-oldrel-osx-x86_64