CRAN Package Check Results for Package scales

Last updated on 2019-09-16 05:47:07 CEST.

Flavor Version Tinstall Tcheck Ttotal Status Flags
r-devel-linux-x86_64-debian-clang 1.0.0 21.37 35.76 57.13 OK
r-devel-linux-x86_64-debian-gcc 1.0.0 15.39 28.95 44.34 OK
r-devel-linux-x86_64-fedora-clang 1.0.0 73.30 NOTE
r-devel-linux-x86_64-fedora-gcc 1.0.0 70.25 NOTE
r-devel-windows-ix86+x86_64 1.0.0 60.00 74.00 134.00 WARN
r-patched-linux-x86_64 1.0.0 16.36 36.61 52.97 OK
r-patched-solaris-x86 1.0.0 87.60 NOTE
r-release-linux-x86_64 1.0.0 17.66 36.70 54.36 OK
r-release-windows-ix86+x86_64 1.0.0 37.00 68.00 105.00 OK
r-release-osx-x86_64 1.0.0 NOTE
r-oldrel-windows-ix86+x86_64 1.0.0 45.00 64.00 109.00 OK
r-oldrel-osx-x86_64 1.0.0 NOTE

Check Details

Version: 1.0.0
Check: dependencies in R code
Result: NOTE
    Namespace in Imports field not imported from: ‘R6’
     All declared Imports should be used.
Flavors: r-devel-linux-x86_64-fedora-clang, r-devel-linux-x86_64-fedora-gcc, r-patched-solaris-x86, r-release-osx-x86_64, r-oldrel-osx-x86_64

Version: 1.0.0
Check: R files for syntax errors
Result: WARN
    Warning in file 'R/formatter.r':
     unable to translate '.<U+00BA>' to native encoding
Flavor: r-devel-windows-ix86+x86_64