CRAN Package Check Results for Package sdcTable

Last updated on 2019-08-24 05:47:08 CEST.

Flavor Version Tinstall Tcheck Ttotal Status Flags
r-devel-linux-x86_64-debian-clang 0.28 57.14 94.95 152.09 NOTE
r-devel-linux-x86_64-debian-gcc 0.28 48.95 83.61 132.56 NOTE
r-devel-linux-x86_64-fedora-clang 0.28 194.39 NOTE
r-devel-linux-x86_64-fedora-gcc 0.28 192.08 NOTE
r-devel-windows-ix86+x86_64 0.28 111.00 128.00 239.00 NOTE
r-patched-linux-x86_64 0.28 57.18 89.65 146.83 OK
r-patched-solaris-x86 0.28 212.10 OK
r-release-linux-x86_64 0.28 53.54 91.23 144.77 OK
r-release-windows-ix86+x86_64 0.28 150.00 181.00 331.00 NOTE
r-release-osx-x86_64 0.28 NOTE
r-oldrel-windows-ix86+x86_64 0.28 133.00 180.00 313.00 NOTE
r-oldrel-osx-x86_64 0.28 NOTE

Check Details

Version: 0.28
Check: for non-standard things in the check directory
Result: NOTE
    Found the following files/directories:
     'batch_Cba7e5yKFN.arb' 'batch_T5tejRt23o.arb' 'batch_zNbO4h3yEt.arb'
     'hier_Cba7e5yKFN_gender.hrc' 'hier_Cba7e5yKFN_region.hrc'
     'hier_T5tejRt23o_gender.hrc' 'hier_T5tejRt23o_region.hrc'
     'hier_zNbO4h3yEt_gender.hrc' 'hier_zNbO4h3yEt_region.hrc'
     'metadata_Cba7e5yKFN.rda' 'metadata_T5tejRt23o.rda'
     'metadata_zNbO4h3yEt.rda' 'microdata_zNbO4h3yEt.asc' 'prob_freqs.jj'
     'prob_val.jj' 'tabdata_Cba7e5yKFN.tab' 'tabdata_T5tejRt23o.tab'
Flavors: r-devel-linux-x86_64-debian-clang, r-devel-linux-x86_64-debian-gcc, r-devel-linux-x86_64-fedora-clang, r-devel-linux-x86_64-fedora-gcc

Version: 0.28
Check: installed package size
Result: NOTE
     installed size is 5.1Mb
     sub-directories of 1Mb or more:
     R 1.3Mb
     libs 3.5Mb
Flavors: r-devel-windows-ix86+x86_64, r-release-windows-ix86+x86_64, r-release-osx-x86_64, r-oldrel-windows-ix86+x86_64, r-oldrel-osx-x86_64