CRAN Package Check Results for Package sdcTable

Last updated on 2020-01-19 05:47:20 CET.

Flavor Version Tinstall Tcheck Ttotal Status Flags
r-devel-linux-x86_64-debian-clang 0.30 69.12 108.54 177.66 OK
r-devel-linux-x86_64-debian-gcc 0.30 57.07 93.60 150.67 OK
r-devel-linux-x86_64-fedora-clang 0.30 216.60 OK
r-devel-linux-x86_64-fedora-gcc 0.30 234.48 OK
r-devel-windows-ix86+x86_64 0.30 160.00 196.00 356.00 NOTE
r-devel-windows-ix86+x86_64-gcc8 0.30 128.00 213.00 341.00 NOTE
r-patched-linux-x86_64 0.30 64.43 95.71 160.14 OK
r-patched-solaris-x86 0.30 223.70 OK
r-release-linux-x86_64 0.30 60.79 97.37 158.16 OK
r-release-windows-ix86+x86_64 0.30 154.00 146.00 300.00 NOTE
r-release-osx-x86_64 0.30 NOTE
r-oldrel-windows-ix86+x86_64 0.30 142.00 194.00 336.00 NOTE
r-oldrel-osx-x86_64 0.30 NOTE

Check Details

Version: 0.30
Check: installed package size
Result: NOTE
     installed size is 5.2Mb
     sub-directories of 1Mb or more:
     R 1.3Mb
     libs 3.5Mb
Flavors: r-devel-windows-ix86+x86_64, r-devel-windows-ix86+x86_64-gcc8, r-release-windows-ix86+x86_64, r-release-osx-x86_64, r-oldrel-windows-ix86+x86_64, r-oldrel-osx-x86_64