CRAN Package Check Results for Package secure

Last updated on 2019-08-21 05:47:03 CEST.

Flavor Version Tinstall Tcheck Ttotal Status Flags
r-devel-linux-x86_64-debian-clang 0.5 34.74 32.18 66.92 NOTE
r-devel-linux-x86_64-debian-gcc 0.5 31.13 25.81 56.94 NOTE
r-devel-linux-x86_64-fedora-clang 0.5 98.84 NOTE
r-devel-linux-x86_64-fedora-gcc 0.5 99.89 NOTE
r-devel-windows-ix86+x86_64 0.5 94.00 80.00 174.00 OK
r-patched-linux-x86_64 0.5 32.60 32.03 64.63 NOTE
r-patched-solaris-x86 0.5 106.10 OK
r-release-linux-x86_64 0.5 33.94 32.21 66.15 NOTE
r-release-windows-ix86+x86_64 0.5 56.00 62.00 118.00 OK
r-release-osx-x86_64 0.5 OK
r-oldrel-windows-ix86+x86_64 0.5 82.00 86.00 168.00 OK
r-oldrel-osx-x86_64 0.5 OK

Check Details

Version: 0.5
Check: use of SHLIB_OPENMP_*FLAGS in Makefiles
Result: NOTE
     src/Makevars: SHLIB_OPENMP_CFLAGS is included in PKG_LIBS but linking is by C++
    Use of these macros is discussed in sect 1.2.1.1 of 'Writing R
    Extensions'. The macros for different languages may differ so the
    matching macro must be used in PKG_CXXFLAGS (etc) and match that used
    in PKG_LIBS (except for Fortran: see the manual).
Flavors: r-devel-linux-x86_64-debian-clang, r-devel-linux-x86_64-debian-gcc, r-devel-linux-x86_64-fedora-clang, r-devel-linux-x86_64-fedora-gcc, r-patched-linux-x86_64, r-release-linux-x86_64