CRAN Package Check Results for Package semEff

Last updated on 2024-06-14 06:53:47 CEST.

Flavor Version Tinstall Tcheck Ttotal Status Flags
r-devel-linux-x86_64-debian-clang 0.6.1 19.55 148.23 167.78 ERROR
r-devel-linux-x86_64-debian-gcc 0.6.1 15.45 122.41 137.86 OK
r-devel-linux-x86_64-fedora-clang 0.6.1 235.87 OK
r-devel-linux-x86_64-fedora-gcc 0.6.1 238.09 OK
r-devel-windows-x86_64 0.6.1 16.00 140.00 156.00 OK
r-patched-linux-x86_64 0.6.1 21.36 162.63 183.99 OK
r-release-linux-x86_64 0.6.1 16.18 142.85 159.03 ERROR
r-release-macos-arm64 0.6.1 70.00 OK
r-release-macos-x86_64 0.6.1 109.00 OK
r-release-windows-x86_64 0.6.1 17.00 150.00 167.00 OK
r-oldrel-macos-arm64 0.6.1 80.00 OK
r-oldrel-macos-x86_64 0.6.1 131.00 OK
r-oldrel-windows-x86_64 0.6.1 21.00 174.00 195.00 OK

Check Details

Version: 0.6.1
Check: package dependencies
Result: NOTE Package suggested but not available for checking: ‘piecewiseSEM’ Flavors: r-devel-linux-x86_64-debian-clang, r-release-linux-x86_64

Version: 0.6.1
Check: re-building of vignette outputs
Result: ERROR Error(s) in re-building vignettes: ... --- re-building ‘predicting-effects.Rmd’ using rmarkdown ** Processing: /home/hornik/tmp/R.check/r-devel-clang/Work/PKGS/semEff.Rcheck/vign_test/semEff/vignettes/predicting-effects_files/figure-html/unnamed-chunk-10-1.png 288x288 pixels, 3x8 bits/pixel, RGB Input IDAT size = 35492 bytes Input file size = 35618 bytes Trying: zc = 9 zm = 8 zs = 0 f = 0 IDAT size = 28405 zc = 9 zm = 8 zs = 1 f = 0 zc = 1 zm = 8 zs = 2 f = 0 zc = 9 zm = 8 zs = 3 f = 0 zc = 9 zm = 8 zs = 0 f = 5 zc = 9 zm = 8 zs = 1 f = 5 zc = 1 zm = 8 zs = 2 f = 5 zc = 9 zm = 8 zs = 3 f = 5 Selecting parameters: zc = 9 zm = 8 zs = 0 f = 0 IDAT size = 28405 Output IDAT size = 28405 bytes (7087 bytes decrease) Output file size = 28483 bytes (7135 bytes = 20.03% decrease) ** Processing: /home/hornik/tmp/R.check/r-devel-clang/Work/PKGS/semEff.Rcheck/vign_test/semEff/vignettes/predicting-effects_files/figure-html/unnamed-chunk-11-1.png 288x288 pixels, 3x8 bits/pixel, RGB Input IDAT size = 33447 bytes Input file size = 33573 bytes Trying: zc = 9 zm = 8 zs = 0 f = 0 IDAT size = 26423 zc = 9 zm = 8 zs = 1 f = 0 zc = 1 zm = 8 zs = 2 f = 0 zc = 9 zm = 8 zs = 3 f = 0 zc = 9 zm = 8 zs = 0 f = 5 zc = 9 zm = 8 zs = 1 f = 5 zc = 1 zm = 8 zs = 2 f = 5 zc = 9 zm = 8 zs = 3 f = 5 Selecting parameters: zc = 9 zm = 8 zs = 0 f = 0 IDAT size = 26423 Output IDAT size = 26423 bytes (7024 bytes decrease) Output file size = 26501 bytes (7072 bytes = 21.06% decrease) --- finished re-building ‘predicting-effects.Rmd’ --- re-building ‘semEff.Rmd’ using rmarkdown Quitting from lines 23-26 [unnamed-chunk-1] (semEff.Rmd) Error: processing vignette 'semEff.Rmd' failed with diagnostics: there is no package called 'piecewiseSEM' --- failed re-building ‘semEff.Rmd’ SUMMARY: processing the following file failed: ‘semEff.Rmd’ Error: Vignette re-building failed. Execution halted Flavor: r-devel-linux-x86_64-debian-clang

Version: 0.6.1
Check: re-building of vignette outputs
Result: ERROR Error(s) in re-building vignettes: ... --- re-building ‘predicting-effects.Rmd’ using rmarkdown ** Processing: /home/hornik/tmp/R.check/r-release-gcc/Work/PKGS/semEff.Rcheck/vign_test/semEff/vignettes/predicting-effects_files/figure-html/unnamed-chunk-10-1.png 288x288 pixels, 3x8 bits/pixel, RGB Input IDAT size = 35492 bytes Input file size = 35618 bytes Trying: zc = 9 zm = 8 zs = 0 f = 0 IDAT size = 28405 zc = 9 zm = 8 zs = 1 f = 0 zc = 1 zm = 8 zs = 2 f = 0 zc = 9 zm = 8 zs = 3 f = 0 zc = 9 zm = 8 zs = 0 f = 5 zc = 9 zm = 8 zs = 1 f = 5 zc = 1 zm = 8 zs = 2 f = 5 zc = 9 zm = 8 zs = 3 f = 5 Selecting parameters: zc = 9 zm = 8 zs = 0 f = 0 IDAT size = 28405 Output IDAT size = 28405 bytes (7087 bytes decrease) Output file size = 28483 bytes (7135 bytes = 20.03% decrease) ** Processing: /home/hornik/tmp/R.check/r-release-gcc/Work/PKGS/semEff.Rcheck/vign_test/semEff/vignettes/predicting-effects_files/figure-html/unnamed-chunk-11-1.png 288x288 pixels, 3x8 bits/pixel, RGB Input IDAT size = 33447 bytes Input file size = 33573 bytes Trying: zc = 9 zm = 8 zs = 0 f = 0 IDAT size = 26423 zc = 9 zm = 8 zs = 1 f = 0 zc = 1 zm = 8 zs = 2 f = 0 zc = 9 zm = 8 zs = 3 f = 0 zc = 9 zm = 8 zs = 0 f = 5 zc = 9 zm = 8 zs = 1 f = 5 zc = 1 zm = 8 zs = 2 f = 5 zc = 9 zm = 8 zs = 3 f = 5 Selecting parameters: zc = 9 zm = 8 zs = 0 f = 0 IDAT size = 26423 Output IDAT size = 26423 bytes (7024 bytes decrease) Output file size = 26501 bytes (7072 bytes = 21.06% decrease) --- finished re-building ‘predicting-effects.Rmd’ --- re-building ‘semEff.Rmd’ using rmarkdown Quitting from lines 23-26 [unnamed-chunk-1] (semEff.Rmd) Error: processing vignette 'semEff.Rmd' failed with diagnostics: there is no package called 'piecewiseSEM' --- failed re-building ‘semEff.Rmd’ SUMMARY: processing the following file failed: ‘semEff.Rmd’ Error: Vignette re-building failed. Execution halted Flavor: r-release-linux-x86_64