CRAN Package Check Results for Package semnar

Last updated on 2022-05-20 05:54:39 CEST.

Flavor Version Tinstall Tcheck Ttotal Status Flags
r-devel-linux-x86_64-debian-clang 0.7.1 4.55 47.99 52.54 NOTE
r-devel-linux-x86_64-debian-gcc 0.7.1 3.91 37.47 41.38 NOTE
r-devel-linux-x86_64-fedora-clang 0.7.1 64.23 NOTE
r-devel-linux-x86_64-fedora-gcc 0.7.1 67.05 NOTE
r-devel-windows-x86_64 0.7.1 15.00 63.00 78.00 NOTE
r-patched-linux-x86_64 0.7.1 4.80 46.90 51.70 NOTE
r-release-linux-x86_64 0.7.1 3.16 46.21 49.37 NOTE
r-release-macos-arm64 0.7.1 20.00 NOTE
r-release-macos-x86_64 0.7.1 38.00 NOTE
r-release-windows-x86_64 0.7.1 16.00 66.00 82.00 NOTE
r-oldrel-macos-arm64 0.7.1 32.00 NOTE
r-oldrel-macos-x86_64 0.7.1 36.00 NOTE
r-oldrel-windows-ix86+x86_64 0.7.1 15.00 59.00 74.00 NOTE

Check Details

Version: 0.7.1
Check: LazyData
Result: NOTE
     'LazyData' is specified without a 'data' directory
Flavors: r-devel-linux-x86_64-debian-clang, r-devel-linux-x86_64-debian-gcc, r-devel-linux-x86_64-fedora-clang, r-devel-linux-x86_64-fedora-gcc, r-devel-windows-x86_64, r-patched-linux-x86_64, r-release-linux-x86_64, r-release-macos-arm64, r-release-macos-x86_64, r-release-windows-x86_64, r-oldrel-macos-arm64, r-oldrel-macos-x86_64, r-oldrel-windows-ix86+x86_64