CRAN Package Check Results for Package sensitivity

Last updated on 2022-01-27 05:56:06 CET.

Flavor Version Tinstall Tcheck Ttotal Status Flags
r-devel-linux-x86_64-debian-clang 1.27.0 117.62 170.87 288.49 OK
r-devel-linux-x86_64-debian-gcc 1.27.0 87.43 124.62 212.05 OK
r-devel-linux-x86_64-fedora-clang 1.27.0 399.65 NOTE
r-devel-linux-x86_64-fedora-gcc 1.27.0 350.66 OK
r-devel-windows-x86_64-new-UL 1.27.0 338.00 212.00 550.00 OK
r-devel-windows-x86_64-new-TK 1.27.0 OK
r-patched-linux-x86_64 1.27.0 109.11 165.40 274.51 OK
r-release-linux-x86_64 1.27.0 101.34 160.11 261.45 OK
r-release-macos-arm64 1.27.0 NOTE
r-release-macos-x86_64 1.27.0 NOTE
r-release-windows-ix86+x86_64 1.27.0 273.00 231.00 504.00 OK
r-oldrel-macos-x86_64 1.27.0 NOTE
r-oldrel-windows-ix86+x86_64 1.27.0 274.00 225.00 499.00 OK

Check Details

Version: 1.27.0
Check: installed package size
Result: NOTE
     installed size is 5.3Mb
     sub-directories of 1Mb or more:
     R 2.2Mb
     libs 2.6Mb
Flavors: r-devel-linux-x86_64-fedora-clang, r-release-macos-arm64, r-release-macos-x86_64, r-oldrel-macos-x86_64