CRAN Package Check Results for Package sentencepiece

Last updated on 2022-08-12 05:52:59 CEST.

Flavor Version Tinstall Tcheck Ttotal Status Flags
r-devel-linux-x86_64-debian-clang 0.2.1 1280.85 44.12 1324.97 OK
r-devel-linux-x86_64-debian-gcc 0.2.1 608.49 34.87 643.36 OK
r-devel-linux-x86_64-fedora-clang 0.2.1 1155.65 NOTE
r-devel-linux-x86_64-fedora-gcc 0.2.1 1159.99 OK
r-devel-windows-x86_64 0.2.1 703.00 108.00 811.00 NOTE
r-patched-linux-x86_64 0.2.1 668.25 43.04 711.29 OK
r-release-linux-x86_64 0.2.1 634.80 42.67 677.47 OK
r-release-macos-arm64 0.2.1 219.00 NOTE
r-release-macos-x86_64 0.2.1 285.00 NOTE
r-release-windows-x86_64 0.2.1 662.00 113.00 775.00 NOTE
r-oldrel-macos-arm64 0.2.1 234.00 NOTE
r-oldrel-macos-x86_64 0.2.1 295.00 NOTE
r-oldrel-windows-ix86+x86_64 0.2.1 1846.00 124.00 1970.00 NOTE

Check Details

Version: 0.2.1
Check: installed package size
Result: NOTE
     installed size is 17.2Mb
     sub-directories of 1Mb or more:
     libs 15.4Mb
     models 1.6Mb
Flavors: r-devel-linux-x86_64-fedora-clang, r-devel-windows-x86_64, r-release-macos-arm64, r-release-macos-x86_64, r-release-windows-x86_64, r-oldrel-macos-arm64, r-oldrel-macos-x86_64, r-oldrel-windows-ix86+x86_64