CRAN Package Check Results for Package seqgendiff

Last updated on 2024-07-24 06:57:27 CEST.

Flavor Version Tinstall Tcheck Ttotal Status Flags
r-devel-linux-x86_64-debian-clang 1.2.4 2.49 197.58 200.07 OK
r-devel-linux-x86_64-debian-gcc 1.2.4 3.10 147.64 150.74 OK
r-devel-linux-x86_64-fedora-clang 1.2.4 269.40 OK
r-devel-linux-x86_64-fedora-gcc 1.2.4 252.56 OK
r-devel-windows-x86_64 1.2.4 5.00 161.00 166.00 OK
r-patched-linux-x86_64 1.2.4 3.61 193.42 197.03 OK
r-release-linux-x86_64 1.2.4 2.44 198.92 201.36 OK
r-release-macos-arm64 1.2.4 82.00 OK
r-release-macos-x86_64 1.2.4 124.00 OK
r-release-windows-x86_64 1.2.4 5.00 159.00 164.00 OK
r-oldrel-macos-arm64 1.2.4 59.00 NOTE
r-oldrel-macos-x86_64 1.2.4 127.00 NOTE
r-oldrel-windows-x86_64 1.2.4 6.00 196.00 202.00 OK

Check Details

Version: 1.2.4
Check: package dependencies
Result: NOTE Package suggested but not available for checking: ‘airway’ Flavors: r-oldrel-macos-arm64, r-oldrel-macos-x86_64