CRAN Package Check Results for Package sequences

Last updated on 2022-08-17 05:58:37 CEST.

Flavor Version Tinstall Tcheck Ttotal Status Flags
r-devel-linux-x86_64-debian-clang 0.5.9 13.67 40.23 53.90 OK
r-devel-linux-x86_64-debian-gcc 0.5.9 OK
r-devel-linux-x86_64-fedora-clang 0.5.9 81.11 NOTE
r-devel-linux-x86_64-fedora-gcc 0.5.9 79.76 NOTE
r-devel-windows-x86_64 0.5.9 52.00 95.00 147.00 OK
r-patched-linux-x86_64 0.5.9 12.01 37.80 49.81 OK
r-release-linux-x86_64 0.5.9 12.95 39.20 52.15 OK
r-release-macos-arm64 0.5.9 26.00 OK
r-release-macos-x86_64 0.5.9 36.00 OK
r-release-windows-x86_64 0.5.9 48.00 100.00 148.00 OK
r-oldrel-macos-arm64 0.5.9 38.00 OK
r-oldrel-macos-x86_64 0.5.9 49.00 OK
r-oldrel-windows-ix86+x86_64 0.5.9 38.00 102.00 140.00 OK

Check Details

Version: 0.5.9
Check: compiled code
Result: NOTE
    File ‘sequences/libs/sequences.so’:
     Found no calls to: ‘R_registerRoutines’, ‘R_useDynamicSymbols’
    
    It is good practice to register native routines and to disable symbol
    search.
    
    See ‘Writing portable packages’ in the ‘Writing R Extensions’ manual.
Flavors: r-devel-linux-x86_64-fedora-clang, r-devel-linux-x86_64-fedora-gcc