CRAN Package Check Results for Package sequenza

Last updated on 2022-01-23 05:58:05 CET.

Flavor Version Tinstall Tcheck Ttotal Status Flags
r-devel-linux-x86_64-debian-clang 3.0.0 18.33 247.17 265.50 OK
r-devel-linux-x86_64-debian-gcc 3.0.0 17.96 196.49 214.45 OK
r-devel-linux-x86_64-fedora-clang 3.0.0 313.46 OK
r-devel-linux-x86_64-fedora-gcc 3.0.0 304.90 OK
r-devel-windows-x86_64-new-UL 3.0.0 49.00 264.00 313.00 OK
r-devel-windows-x86_64-new-TK 3.0.0 OK
r-patched-linux-x86_64 3.0.0 27.09 234.35 261.44 OK
r-release-linux-x86_64 3.0.0 16.63 237.44 254.07 OK
r-release-macos-arm64 3.0.0 ERROR
r-release-macos-x86_64 3.0.0 OK
r-release-windows-ix86+x86_64 3.0.0 37.00 278.00 315.00 OK
r-oldrel-macos-x86_64 3.0.0 ERROR
r-oldrel-windows-ix86+x86_64 3.0.0 38.00 276.00 314.00 OK

Check Details

Version: 3.0.0
Check: package dependencies
Result: ERROR
    Package required but not available: ‘copynumber’
    
    See section ‘The DESCRIPTION file’ in the ‘Writing R Extensions’
    manual.
Flavors: r-release-macos-arm64, r-oldrel-macos-x86_64