CRAN Package Check Results for Package setRNG

Last updated on 2022-01-23 05:58:05 CET.

Flavor Version Tinstall Tcheck Ttotal Status Flags
r-devel-linux-x86_64-debian-clang 2013.9-1 2.12 32.64 34.76 NOTE
r-devel-linux-x86_64-debian-gcc 2013.9-1 1.61 28.08 29.69 NOTE
r-devel-linux-x86_64-fedora-clang 2013.9-1 45.13 NOTE
r-devel-linux-x86_64-fedora-gcc 2013.9-1 33.59 NOTE
r-devel-windows-x86_64-new-UL 2013.9-1 20.00 58.00 78.00 NOTE
r-devel-windows-x86_64-new-TK 2013.9-1 NOTE
r-patched-linux-x86_64 2013.9-1 1.45 31.52 32.97 NOTE
r-release-linux-x86_64 2013.9-1 1.62 32.07 33.69 NOTE
r-release-macos-arm64 2013.9-1 NOTE
r-release-macos-x86_64 2013.9-1 NOTE
r-release-windows-ix86+x86_64 2013.9-1 4.00 30.00 34.00 NOTE
r-oldrel-macos-x86_64 2013.9-1 NOTE
r-oldrel-windows-ix86+x86_64 2013.9-1 4.00 30.00 34.00 NOTE

Check Details

Version: 2013.9-1
Check: R code for possible problems
Result: NOTE
    random.number.test: no visible global function definition for 'runif'
    random.number.test: no visible global function definition for 'rnorm'
    setRNG: no visible global function definition for 'runif'
    Undefined global functions or variables:
     rnorm runif
    Consider adding
     importFrom("stats", "rnorm", "runif")
    to your NAMESPACE file.
Flavors: r-devel-linux-x86_64-debian-clang, r-devel-linux-x86_64-debian-gcc, r-devel-linux-x86_64-fedora-clang, r-devel-linux-x86_64-fedora-gcc, r-devel-windows-x86_64-new-UL, r-devel-windows-x86_64-new-TK, r-patched-linux-x86_64, r-release-linux-x86_64, r-release-macos-arm64, r-release-macos-x86_64, r-release-windows-ix86+x86_64, r-oldrel-macos-x86_64, r-oldrel-windows-ix86+x86_64