CRAN Package Check Results for Package setter

Last updated on 2022-01-24 05:52:03 CET.

Flavor Version Tinstall Tcheck Ttotal Status Flags
r-devel-linux-x86_64-debian-clang 0.0-1 1.78 31.60 33.38 NOTE
r-devel-linux-x86_64-debian-gcc 0.0-1 1.60 24.75 26.35 NOTE
r-devel-linux-x86_64-fedora-clang 0.0-1 42.24 NOTE
r-devel-linux-x86_64-fedora-gcc 0.0-1 30.79 NOTE
r-devel-windows-x86_64-new-UL 0.0-1 14.00 49.00 63.00 NOTE
r-devel-windows-x86_64-new-TK 0.0-1 NOTE
r-patched-linux-x86_64 0.0-1 1.65 30.14 31.79 NOTE
r-release-linux-x86_64 0.0-1 1.80 30.11 31.91 NOTE
r-release-macos-arm64 0.0-1 NOTE
r-release-macos-x86_64 0.0-1 NOTE
r-release-windows-ix86+x86_64 0.0-1 4.00 40.00 44.00 NOTE
r-oldrel-macos-x86_64 0.0-1 OK
r-oldrel-windows-ix86+x86_64 0.0-1 4.00 41.00 45.00 OK

Check Details

Version: 0.0-1
Check: LazyData
Result: NOTE
     'LazyData' is specified without a 'data' directory
Flavors: r-devel-linux-x86_64-debian-clang, r-devel-linux-x86_64-debian-gcc, r-devel-linux-x86_64-fedora-clang, r-devel-linux-x86_64-fedora-gcc, r-devel-windows-x86_64-new-UL, r-devel-windows-x86_64-new-TK, r-patched-linux-x86_64, r-release-linux-x86_64, r-release-macos-arm64, r-release-macos-x86_64, r-release-windows-ix86+x86_64