CRAN Package Check Results for Package sgat

Last updated on 2021-12-07 05:55:18 CET.

Flavor Version Tinstall Tcheck Ttotal Status Flags
r-devel-linux-x86_64-debian-clang 0.9 2.31 34.48 36.79 NOTE
r-devel-linux-x86_64-debian-gcc 0.9 1.99 27.56 29.55 NOTE
r-devel-linux-x86_64-fedora-clang 0.9 47.20 NOTE
r-devel-linux-x86_64-fedora-gcc 0.9 35.89 NOTE
r-devel-windows-x86_64-new-UL 0.9 7.00 66.00 73.00 ERROR
r-devel-windows-x86_64-new-TK 0.9 ERROR
r-devel-windows-x86_64-old 0.9 5.00 38.00 43.00 ERROR
r-patched-linux-x86_64 0.9 2.30 33.48 35.78 NOTE
r-release-linux-x86_64 0.9 2.08 34.04 36.12 NOTE
r-release-macos-arm64 0.9 NOTE
r-release-macos-x86_64 0.9 NOTE
r-release-windows-ix86+x86_64 0.9 5.00 45.00 50.00 ERROR
r-oldrel-macos-x86_64 0.9 NOTE
r-oldrel-windows-ix86+x86_64 0.9 5.00 46.00 51.00 ERROR

Check Details

Version: 0.9
Check: LazyData
Result: NOTE
     'LazyData' is specified without a 'data' directory
Flavors: r-devel-linux-x86_64-debian-clang, r-devel-linux-x86_64-debian-gcc, r-devel-linux-x86_64-fedora-clang, r-devel-linux-x86_64-fedora-gcc, r-devel-windows-x86_64-new-UL, r-devel-windows-x86_64-new-TK, r-devel-windows-x86_64-old, r-patched-linux-x86_64, r-release-linux-x86_64, r-release-macos-arm64, r-release-macos-x86_64, r-release-windows-ix86+x86_64

Version: 0.9
Check: dependencies in R code
Result: NOTE
    Namespace in Imports field not imported from: ‘plyr’
     All declared Imports should be used.
Flavors: r-devel-linux-x86_64-fedora-clang, r-devel-linux-x86_64-fedora-gcc, r-devel-windows-x86_64-new-TK, r-release-macos-arm64, r-release-macos-x86_64, r-oldrel-macos-x86_64

Version: 0.9
Check: examples
Result: ERROR
    Running examples in 'sgat-Ex.R' failed
    The error most likely occurred in:
    
    > ### Name: ushuaia_restaurants
    > ### Title: Retrieves a vector of Ushuaian's restaurants and bar's names and
    > ### adresses, ready for unambiguous Google searches.
    > ### Aliases: ushuaia_restaurants
    >
    > ### ** Examples
    >
    > restaurants <- ushuaia_restaurants()
    Error in function (type, msg, asError = TRUE) :
     SSL certificate problem: certificate has expired
    Calls: ushuaia_restaurants -> <Anonymous> -> curlPerform -> <Anonymous> -> fun
    Execution halted
Flavors: r-devel-windows-x86_64-new-UL, r-devel-windows-x86_64-new-TK, r-devel-windows-x86_64-old, r-release-windows-ix86+x86_64, r-oldrel-windows-ix86+x86_64

Version: 0.9
Check: tests
Result: ERROR
     Running 'testthat.R' [2s]
    Running the tests in 'tests/testthat.R' failed.
    Complete output:
     > library(testthat)
     > library(sgat)
     >
     > test_check("sgat")
     ══ Skipped tests ═══════════════════════════════════════════════════════════════
     • On CRAN (4)
    
     ══ Failed tests ════════════════════════════════════════════════════════════════
     ── Error (test-ushuaia_restaurants.R:2:3): gives vector ────────────────────────
     <SSL_CACERT/GenericCurlError/error/condition>
     Error in `function (type, msg, asError = TRUE)
     {
     if (!is.character(type)) {
     i = match(type, CURLcodeValues)
     typeName = if (is.na(i))
     character()
     else names(CURLcodeValues)[i]
     }
     typeName = gsub("^CURLE_", "", typeName)
     fun = (if (asError)
     stop
     else warning)
     fun(structure(list(message = msg, call = sys.call()), class = c(typeName,
     "GenericCurlError", "error", "condition")))
     }(60L, "SSL certificate problem: certificate has expired", TRUE)`: SSL certificate problem: certificate has expired
     Backtrace:
     █
     1. ├─testthat::expect_type(restaurants <- ushuaia_restaurants(), "character") test-ushuaia_restaurants.R:2:2
     2. │ └─testthat::quasi_label(enquo(object), arg = "object")
     3. │ └─rlang::eval_bare(expr, quo_get_env(quo))
     4. ├─sgat::ushuaia_restaurants()
     5. │ └─RCurl::getURL(address)
     6. │ └─RCurl::curlPerform(curl = curl, .opts = opts, .encoding = .encoding)
     7. └─(function (type, msg, asError = TRUE) ...
    
     [ FAIL 1 | WARN 0 | SKIP 4 | PASS 0 ]
     Error: Test failures
     Execution halted
Flavor: r-devel-windows-x86_64-new-UL

Version: 0.9
Check: tests
Result: ERROR
     Running 'testthat.R'
    Running the tests in 'tests/testthat.R' failed.
    Complete output:
     > library(testthat)
     > library(sgat)
     >
     > test_check("sgat")
     ══ Skipped tests ═══════════════════════════════════════════════════════════════
     • On CRAN (4)
    
     ══ Failed tests ════════════════════════════════════════════════════════════════
     ── Error (test-ushuaia_restaurants.R:2:3): gives vector ────────────────────────
     <SSL_CACERT/GenericCurlError/error/condition>
     Error in `function (type, msg, asError = TRUE)
     {
     if (!is.character(type)) {
     i = match(type, CURLcodeValues)
     typeName = if (is.na(i))
     character()
     else names(CURLcodeValues)[i]
     }
     typeName = gsub("^CURLE_", "", typeName)
     fun = (if (asError)
     stop
     else warning)
     fun(structure(list(message = msg, call = sys.call()), class = c(typeName,
     "GenericCurlError", "error", "condition")))
     }(60L, "SSL certificate problem: certificate has expired", TRUE)`: SSL certificate problem: certificate has expired
     Backtrace:
     █
     1. ├─testthat::expect_type(restaurants <- ushuaia_restaurants(), "character") test-ushuaia_restaurants.R:2:2
     2. │ └─testthat::quasi_label(enquo(object), arg = "object")
     3. │ └─rlang::eval_bare(expr, quo_get_env(quo))
     4. ├─sgat::ushuaia_restaurants()
     5. │ └─RCurl::getURL(address)
     6. │ └─RCurl::curlPerform(curl = curl, .opts = opts, .encoding = .encoding)
     7. └─(function (type, msg, asError = TRUE) ...
    
     [ FAIL 1 | WARN 0 | SKIP 4 | PASS 0 ]
     Error: Test failures
     Execution halted
Flavor: r-devel-windows-x86_64-new-TK

Version: 0.9
Check: tests
Result: ERROR
     Running 'testthat.R' [3s]
    Running the tests in 'tests/testthat.R' failed.
    Complete output:
     > library(testthat)
     > library(sgat)
     >
     > test_check("sgat")
     == Skipped tests ===============================================================
     * On CRAN (4)
    
     == Failed tests ================================================================
     -- Error (test-ushuaia_restaurants.R:2:3): gives vector ------------------------
     <SSL_CACERT/GenericCurlError/error/condition>
     Error in `function (type, msg, asError = TRUE)
     {
     if (!is.character(type)) {
     i = match(type, CURLcodeValues)
     typeName = if (is.na(i))
     character()
     else names(CURLcodeValues)[i]
     }
     typeName = gsub("^CURLE_", "", typeName)
     fun = (if (asError)
     stop
     else warning)
     fun(structure(list(message = msg, call = sys.call()), class = c(typeName,
     "GenericCurlError", "error", "condition")))
     }(60L, "SSL certificate problem: certificate has expired", TRUE)`: SSL certificate problem: certificate has expired
     Backtrace:
     x
     1. +-testthat::expect_type(restaurants <- ushuaia_restaurants(), "character") test-ushuaia_restaurants.R:2:2
     2. | \-testthat::quasi_label(enquo(object), arg = "object")
     3. | \-rlang::eval_bare(expr, quo_get_env(quo))
     4. +-sgat::ushuaia_restaurants()
     5. | \-RCurl::getURL(address)
     6. | \-RCurl::curlPerform(curl = curl, .opts = opts, .encoding = .encoding)
     7. \-(function (type, msg, asError = TRUE) ...
    
     [ FAIL 1 | WARN 0 | SKIP 4 | PASS 0 ]
     Error: Test failures
     Execution halted
Flavor: r-devel-windows-x86_64-old

Version: 0.9
Check: tests
Result: ERROR
     Running 'testthat.R' [2s]
    Running the tests in 'tests/testthat.R' failed.
    Complete output:
     > library(testthat)
     > library(sgat)
     >
     > test_check("sgat")
     == Skipped tests ===============================================================
     * On CRAN (4)
    
     == Failed tests ================================================================
     -- Error (test-ushuaia_restaurants.R:2:3): gives vector ------------------------
     <SSL_CACERT/GenericCurlError/error/condition>
     Error in `function (type, msg, asError = TRUE)
     {
     if (!is.character(type)) {
     i = match(type, CURLcodeValues)
     typeName = if (is.na(i))
     character()
     else names(CURLcodeValues)[i]
     }
     typeName = gsub("^CURLE_", "", typeName)
     fun = (if (asError)
     stop
     else warning)
     fun(structure(list(message = msg, call = sys.call()), class = c(typeName,
     "GenericCurlError", "error", "condition")))
     }(60L, "SSL certificate problem: certificate has expired", TRUE)`: SSL certificate problem: certificate has expired
     Backtrace:
     x
     1. +-testthat::expect_type(restaurants <- ushuaia_restaurants(), "character") test-ushuaia_restaurants.R:2:2
     2. | \-testthat::quasi_label(enquo(object), arg = "object")
     3. | \-rlang::eval_bare(expr, quo_get_env(quo))
     4. +-sgat::ushuaia_restaurants()
     5. | \-RCurl::getURL(address)
     6. | \-RCurl::curlPerform(curl = curl, .opts = opts, .encoding = .encoding)
     7. \-(function (type, msg, asError = TRUE) ...
    
     [ FAIL 1 | WARN 0 | SKIP 4 | PASS 0 ]
     Error: Test failures
     Execution halted
Flavors: r-release-windows-ix86+x86_64, r-oldrel-windows-ix86+x86_64