Last updated on 2022-05-23 05:52:52 CEST.
Flavor | Version | Tinstall | Tcheck | Ttotal | Status | Flags |
---|---|---|---|---|---|---|
r-devel-linux-x86_64-debian-clang | 1.3.8 | 91.48 | 92.00 | 183.48 | OK | |
r-devel-linux-x86_64-debian-gcc | 1.3.8 | 62.10 | 70.72 | 132.82 | OK | |
r-devel-linux-x86_64-fedora-clang | 1.3.8 | 251.07 | NOTE | |||
r-devel-linux-x86_64-fedora-gcc | 1.3.8 | 192.16 | OK | |||
r-devel-windows-x86_64 | 1.3.8 | 153.00 | 142.00 | 295.00 | OK | |
r-patched-linux-x86_64 | 1.3.8 | 58.35 | 89.23 | 147.58 | OK | |
r-release-linux-x86_64 | 1.3.8 | OK | ||||
r-release-macos-arm64 | 1.3.8 | 61.00 | NOTE | |||
r-release-macos-x86_64 | 1.3.8 | 81.00 | NOTE | |||
r-release-windows-x86_64 | 1.3.8 | 216.00 | 144.00 | 360.00 | OK | |
r-oldrel-macos-arm64 | 1.3.8 | 73.00 | NOTE | |||
r-oldrel-macos-x86_64 | 1.3.8 | 121.00 | NOTE | |||
r-oldrel-windows-ix86+x86_64 | 1.3.8 | 150.00 | 149.00 | 299.00 | OK |
Version: 1.3.8
Check: installed package size
Result: NOTE
installed size is 8.9Mb
sub-directories of 1Mb or more:
libs 7.4Mb
Flavors: r-devel-linux-x86_64-fedora-clang, r-release-macos-arm64, r-release-macos-x86_64, r-oldrel-macos-arm64, r-oldrel-macos-x86_64