CRAN Package Check Results for Package sharpshootR

Last updated on 2019-04-19 05:50:39 CEST.

Flavor Version Tinstall Tcheck Ttotal Status Flags
r-devel-linux-x86_64-debian-clang 1.0 14.77 130.97 145.74 OK
r-devel-linux-x86_64-debian-gcc 1.0 12.50 100.96 113.46 OK
r-devel-linux-x86_64-fedora-clang 1.0 175.07 OK
r-devel-linux-x86_64-fedora-gcc 1.0 166.86 OK
r-devel-windows-ix86+x86_64 1.0 52.00 191.00 243.00 OK
r-patched-linux-x86_64 1.0 13.24 126.52 139.76 OK
r-patched-solaris-x86 1.0 272.80 OK
r-release-linux-x86_64 1.0 7.47 124.07 131.54 OK
r-release-windows-ix86+x86_64 1.0 24.00 143.00 167.00 OK
r-release-osx-x86_64 1.0 OK
r-oldrel-windows-ix86+x86_64 1.0 35.00 208.00 243.00 OK
r-oldrel-osx-x86_64 1.0 NOTE

Check Details

Version: 1.0
Check: package dependencies
Result: NOTE
    Packages suggested but not available for checking: ‘rgdal’ ‘rgeos’
Flavor: r-oldrel-osx-x86_64