CRAN Package Check Results for Package sharpshootR

Last updated on 2019-02-23 05:53:53 CET.

Flavor Version Tinstall Tcheck Ttotal Status Flags
r-devel-linux-x86_64-debian-clang 1.0 10.56 133.03 143.59 OK
r-devel-linux-x86_64-debian-gcc 1.0 8.27 101.17 109.44 OK
r-devel-linux-x86_64-fedora-clang 1.0 174.44 OK
r-devel-linux-x86_64-fedora-gcc 1.0 163.82 OK
r-devel-windows-ix86+x86_64 1.0 27.00 146.00 173.00 OK
r-patched-linux-x86_64 1.0 7.88 121.94 129.82 OK
r-patched-solaris-x86 1.0 263.90 OK
r-release-linux-x86_64 1.0 OK
r-release-windows-ix86+x86_64 1.0 22.00 186.00 208.00 OK
r-release-osx-x86_64 1.0 OK
r-oldrel-windows-ix86+x86_64 1.0 22.00 229.00 251.00 OK
r-oldrel-osx-x86_64 1.0 NOTE

Check Details

Version: 1.0
Check: package dependencies
Result: NOTE
    Packages suggested but not available for checking: ‘rgdal’ ‘rgeos’
Flavor: r-oldrel-osx-x86_64