CRAN Package Check Results for Package shiny

Last updated on 2019-11-17 05:47:24 CET.

Flavor Version Tinstall Tcheck Ttotal Status Flags
r-devel-linux-x86_64-debian-clang 1.4.0 35.93 93.06 128.99 OK
r-devel-linux-x86_64-debian-gcc 1.4.0 28.52 71.32 99.84 OK
r-devel-linux-x86_64-fedora-clang 1.4.0 151.93 NOTE
r-devel-linux-x86_64-fedora-gcc 1.4.0 154.12 OK
r-devel-windows-ix86+x86_64 1.4.0 72.00 119.00 191.00 NOTE
r-patched-linux-x86_64 1.4.0 31.44 88.85 120.29 ERROR
r-patched-solaris-x86 1.4.0 199.70 NOTE
r-release-linux-x86_64 1.4.0 31.57 89.70 121.27 ERROR
r-release-windows-ix86+x86_64 1.4.0 57.00 157.00 214.00 NOTE
r-release-osx-x86_64 1.4.0 NOTE
r-oldrel-windows-ix86+x86_64 1.4.0 44.00 144.00 188.00 NOTE
r-oldrel-osx-x86_64 1.4.0 NOTE

Check Details

Version: 1.4.0
Check: installed package size
Result: NOTE
     installed size is 10.9Mb
     sub-directories of 1Mb or more:
     R 1.5Mb
     www 8.3Mb
Flavors: r-devel-linux-x86_64-fedora-clang, r-devel-windows-ix86+x86_64, r-patched-solaris-x86, r-release-windows-ix86+x86_64, r-release-osx-x86_64, r-oldrel-windows-ix86+x86_64, r-oldrel-osx-x86_64

Version: 1.4.0
Check: tests
Result: ERROR
     Running ‘test-all.R’ [17s/23s]
    Running the tests in ‘tests/test-all.R’ failed.
    Complete output:
     > library(testthat)
     > library(shiny)
     >
     > test_check("shiny")
     ── 1. Failure: debounce/throttle work properly (without priming) (@test-reactivi
     isolate(tr()) not identical to 10.
     1/1 mismatches
     [1] 9 - 10 == -1
    
     ══ testthat results ═══════════════════════════════════════════════════════════
     [ OK: 829 | SKIPPED: 3 | WARNINGS: 0 | FAILED: 1 ]
     1. Failure: debounce/throttle work properly (without priming) (@test-reactivity.r#1176)
    
     Error: testthat unit tests failed
     Execution halted
Flavor: r-patched-linux-x86_64

Version: 1.4.0
Check: tests
Result: ERROR
     Running ‘test-all.R’ [18s/24s]
    Running the tests in ‘tests/test-all.R’ failed.
    Complete output:
     > library(testthat)
     > library(shiny)
     >
     > test_check("shiny")
     ── 1. Failure: debounce/throttle work properly (without priming) (@test-reactivi
     isolate(tr()) not identical to 10.
     1/1 mismatches
     [1] 9 - 10 == -1
    
     ══ testthat results ═══════════════════════════════════════════════════════════
     [ OK: 829 | SKIPPED: 3 | WARNINGS: 0 | FAILED: 1 ]
     1. Failure: debounce/throttle work properly (without priming) (@test-reactivity.r#1176)
    
     Error: testthat unit tests failed
     Execution halted
Flavor: r-release-linux-x86_64