CRAN Package Check Results for Package shiny

Last updated on 2019-09-22 05:46:23 CEST.

Flavor Version Tinstall Tcheck Ttotal Status Flags
r-devel-linux-x86_64-debian-clang 1.3.2 34.82 80.63 115.45 OK
r-devel-linux-x86_64-debian-gcc 1.3.2 27.16 63.73 90.89 OK
r-devel-linux-x86_64-fedora-clang 1.3.2 146.66 NOTE
r-devel-linux-x86_64-fedora-gcc 1.3.2 142.69 OK
r-devel-windows-ix86+x86_64 1.3.2 70.00 101.00 171.00 NOTE
r-patched-linux-x86_64 1.3.2 28.95 79.83 108.78 ERROR
r-patched-solaris-x86 1.3.2 172.10 NOTE
r-release-linux-x86_64 1.3.2 28.80 81.07 109.87 OK
r-release-windows-ix86+x86_64 1.3.2 49.00 104.00 153.00 NOTE
r-release-osx-x86_64 1.3.2 NOTE
r-oldrel-windows-ix86+x86_64 1.3.2 38.00 88.00 126.00 NOTE
r-oldrel-osx-x86_64 1.3.2 NOTE

Check Details

Version: 1.3.2
Check: installed package size
Result: NOTE
     installed size is 10.5Mb
     sub-directories of 1Mb or more:
     R 1.5Mb
     www 8.0Mb
Flavors: r-devel-linux-x86_64-fedora-clang, r-devel-windows-ix86+x86_64, r-patched-solaris-x86, r-release-windows-ix86+x86_64, r-release-osx-x86_64, r-oldrel-windows-ix86+x86_64, r-oldrel-osx-x86_64

Version: 1.3.2
Check: tests
Result: ERROR
     Running ‘test-all.R’ [11s/16s]
    Running the tests in ‘tests/test-all.R’ failed.
    Complete output:
     > library(testthat)
     > library(shiny)
     >
     > test_check("shiny")
     55: stop
     54: private$decodeStateQueryString
     43: .subset2(public_bind_env, "initialize")
     42: RestoreContext$new
     34: eval [testthat/test-bookmarking.R#35]
     33: eval
     24: test_code
     23: test_that
     22: eval [testthat/test-bookmarking.R#3]
     21: eval
     12: test_code
     11: source_file
     8: FUN
     7: lapply
     4: test_files
     3: test_dir
     2: test_package_dir
     1: test_check
     55: stop
     54: private$decodeStateQueryString
     43: .subset2(public_bind_env, "initialize")
     42: RestoreContext$new
     34: eval [testthat/test-bookmarking.R#36]
     33: eval
     24: test_code
     23: test_that
     22: eval [testthat/test-bookmarking.R#3]
     21: eval
     12: test_code
     11: source_file
     8: FUN
     7: lapply
     4: test_files
     3: test_dir
     2: test_package_dir
     1: test_check
     55: stop
     54: private$decodeStateQueryString
     43: .subset2(public_bind_env, "initialize")
     42: RestoreContext$new
     34: eval [testthat/test-bookmarking.R#37]
     33: eval
     24: test_code
     23: test_that
     22: eval [testthat/test-bookmarking.R#3]
     21: eval
     12: test_code
     11: source_file
     8: FUN
     7: lapply
     4: test_files
     3: test_dir
     2: test_package_dir
     1: test_check
     55: stop
     54: private$decodeStateQueryString
     43: .subset2(public_bind_env, "initialize")
     42: RestoreContext$new
     34: eval [testthat/test-bookmarking.R#38]
     33: eval
     24: test_code
     23: test_that
     22: eval [testthat/test-bookmarking.R#3]
     21: eval
     12: test_code
     11: source_file
     8: FUN
     7: lapply
     4: test_files
     3: test_dir
     2: test_package_dir
     1: test_check
     55: stop
     54: private$decodeStateQueryString
     43: .subset2(public_bind_env, "initialize")
     42: RestoreContext$new
     34: eval [testthat/test-bookmarking.R#39]
     33: eval
     24: test_code
     23: test_that
     22: eval [testthat/test-bookmarking.R#3]
     21: eval
     12: test_code
     11: source_file
     8: FUN
     7: lapply
     4: test_files
     3: test_dir
     2: test_package_dir
     1: test_check
     62: stop
     61: value[[3L]]
     60: tryCatchOne
     59: tryCatchList
     58: tryCatch
     57: <Anonymous>
     56: mapply
     55: valuesFromJSON
     54: private$decodeStateQueryString
     43: .subset2(public_bind_env, "initialize")
     42: RestoreContext$new
     34: eval [testthat/test-bookmarking.R#40]
     33: eval
     24: test_code
     23: test_that
     22: eval [testthat/test-bookmarking.R#3]
     21: eval
     12: test_code
     11: source_file
     8: FUN
     7: lapply
     4: test_files
     3: test_dir
     2: test_package_dir
     1: test_check
     62: stop
     61: value[[3L]]
     60: tryCatchOne
     59: tryCatchList
     58: tryCatch
     57: <Anonymous>
     56: mapply
     55: valuesFromJSON
     54: private$decodeStateQueryString
     43: .subset2(public_bind_env, "initialize")
     42: RestoreContext$new
     34: eval [testthat/test-bookmarking.R#44]
     33: eval
     24: test_code
     23: test_that
     22: eval [testthat/test-bookmarking.R#3]
     21: eval
     12: test_code
     11: source_file
     8: FUN
     7: lapply
     4: test_files
     3: test_dir
     2: test_package_dir
     1: test_check
     93: stop
     92: <reactive:r> [testthat/test-reactivity.r#969]
     90: .func
     87: contextFunc
     86: env$runWith
     79: ctx$run
     78: self$.updateValue
     76: r
     75: <observer> [testthat/test-reactivity.r#978]
     73: contextFunc
     72: env$runWith
     65: ctx$run
     64: run
     45: flushCallback
     44: FUN
     43: lapply
     42: ctx$executeFlushCallbacks
     41: .getReactiveEnvironment()$flush
     40: flushReact
     34: eval [testthat/test-reactivity.r#993]
     33: eval
     24: test_code
     23: test_that
     22: eval [testthat/test-reactivity.r#965]
     21: eval
     12: test_code
     11: source_file
     8: FUN
     7: lapply
     4: test_files
     3: test_dir
     2: test_package_dir
     1: test_check
     78: <Anonymous>
     ── 1. Failure: debounce/throttle work properly (without priming) (@test-reactivi
     isolate(tr()) not identical to 10.
     1/1 mismatches
     [1] 9 - 10 == -1
    
     Unknown testing environment for test-staticdocs.R.
     ══ testthat results ═══════════════════════════════════════════════════════════
     [ OK: 758 | SKIPPED: 1 | WARNINGS: 0 | FAILED: 1 ]
     1. Failure: debounce/throttle work properly (without priming) (@test-reactivity.r#1128)
    
     Error: testthat unit tests failed
     Execution halted
Flavor: r-patched-linux-x86_64