CRAN Package Check Results for Package shiny

Last updated on 2020-06-05 05:48:59 CEST.

Flavor Version Tinstall Tcheck Ttotal Status Flags
r-devel-linux-x86_64-debian-clang 1.4.0.2 34.77 95.19 129.96 OK
r-devel-linux-x86_64-debian-gcc 1.4.0.2 31.12 74.08 105.20 OK
r-devel-linux-x86_64-fedora-clang 1.4.0.2 179.04 NOTE
r-devel-linux-x86_64-fedora-gcc 1.4.0.2 162.92 OK
r-devel-windows-ix86+x86_64 1.4.0.2 71.00 142.00 213.00 NOTE
r-patched-linux-x86_64 1.4.0.2 36.14 95.12 131.26 OK
r-patched-solaris-x86 1.4.0.2 206.30 NOTE
r-release-linux-x86_64 1.4.0.2 38.13 95.82 133.95 OK
r-release-osx-x86_64 1.4.0.2 NOTE
r-release-windows-ix86+x86_64 1.4.0.2 58.00 107.00 165.00 NOTE
r-oldrel-osx-x86_64 1.4.0.2 NOTE
r-oldrel-windows-ix86+x86_64 1.4.0.2 67.00 104.00 171.00 NOTE

Check Details

Version: 1.4.0.2
Check: installed package size
Result: NOTE
     installed size is 10.9Mb
     sub-directories of 1Mb or more:
     R 1.5Mb
     www 8.3Mb
Flavors: r-devel-linux-x86_64-fedora-clang, r-devel-windows-ix86+x86_64, r-patched-solaris-x86, r-release-osx-x86_64, r-release-windows-ix86+x86_64, r-oldrel-osx-x86_64, r-oldrel-windows-ix86+x86_64