CRAN Package Check Results for Package shiny

Last updated on 2019-05-21 05:49:21 CEST.

Flavor Version Tinstall Tcheck Ttotal Status Flags
r-devel-linux-x86_64-debian-clang 1.3.2 30.77 83.65 114.42 OK
r-devel-linux-x86_64-debian-gcc 1.3.2 25.39 64.92 90.31 OK
r-devel-linux-x86_64-fedora-clang 1.3.2 147.22 NOTE
r-devel-linux-x86_64-fedora-gcc 1.3.2 137.08 OK
r-devel-windows-ix86+x86_64 1.3.2 69.00 143.00 212.00 NOTE
r-patched-linux-x86_64 1.3.2 31.73 84.47 116.20 OK
r-patched-solaris-x86 1.3.2 189.40 NOTE
r-release-linux-x86_64 1.3.2 30.62 82.44 113.06 OK
r-release-windows-ix86+x86_64 1.3.2 66.00 135.00 201.00 NOTE
r-release-osx-x86_64 1.3.2 NOTE
r-oldrel-windows-ix86+x86_64 1.3.2 41.00 95.00 136.00 NOTE
r-oldrel-osx-x86_64 1.3.2 NOTE

Check Details

Version: 1.3.2
Check: installed package size
Result: NOTE
     installed size is 10.5Mb
     sub-directories of 1Mb or more:
     R 1.5Mb
     www 8.0Mb
Flavors: r-devel-linux-x86_64-fedora-clang, r-devel-windows-ix86+x86_64, r-patched-solaris-x86, r-release-windows-ix86+x86_64, r-release-osx-x86_64, r-oldrel-windows-ix86+x86_64, r-oldrel-osx-x86_64