CRAN Package Check Results for Package shinyAce

Last updated on 2022-01-22 05:10:32 CET.

Flavor Version Tinstall Tcheck Ttotal Status Flags
r-devel-linux-x86_64-debian-clang 0.4.1 5.22 50.47 55.69 OK
r-devel-linux-x86_64-debian-gcc 0.4.1 4.19 40.56 44.75 OK
r-devel-linux-x86_64-fedora-clang 0.4.1 66.75 NOTE
r-devel-linux-x86_64-fedora-gcc 0.4.1 65.87 OK
r-devel-windows-x86_64-new-UL 0.4.1 392.00 89.00 481.00 NOTE
r-devel-windows-x86_64-new-TK 0.4.1 OK
r-patched-linux-x86_64 0.4.1 3.78 50.59 54.37 OK
r-release-linux-x86_64 0.4.1 4.21 50.12 54.33 OK
r-release-macos-arm64 0.4.1 NOTE
r-release-macos-x86_64 0.4.1 NOTE
r-release-windows-ix86+x86_64 0.4.1 13.00 63.00 76.00 NOTE
r-oldrel-macos-x86_64 0.4.1 NOTE
r-oldrel-windows-ix86+x86_64 0.4.1 13.00 59.00 72.00 NOTE

Check Details

Version: 0.4.1
Check: installed package size
Result: NOTE
     installed size is 8.2Mb
     sub-directories of 1Mb or more:
     www 7.7Mb
Flavors: r-devel-linux-x86_64-fedora-clang, r-devel-windows-x86_64-new-UL, r-release-macos-arm64, r-release-macos-x86_64, r-release-windows-ix86+x86_64, r-oldrel-macos-x86_64, r-oldrel-windows-ix86+x86_64