CRAN Package Check Results for Package shinyMolBio

Last updated on 2021-12-04 05:57:25 CET.

Flavor Version Tinstall Tcheck Ttotal Status Flags
r-devel-linux-x86_64-debian-clang 0.2 8.35 71.84 80.19 NOTE
r-devel-linux-x86_64-debian-gcc 0.2 6.43 60.61 67.04 NOTE
r-devel-linux-x86_64-fedora-clang 0.2 107.33 NOTE
r-devel-linux-x86_64-fedora-gcc 0.2 91.35 NOTE
r-devel-windows-x86_64-new-UL 0.2 18.00 109.00 127.00 NOTE
r-devel-windows-x86_64-new-TK 0.2 NOTE
r-devel-windows-x86_64-old 0.2 15.00 77.00 92.00 NOTE
r-patched-linux-x86_64 0.2 7.73 67.00 74.73 NOTE
r-release-linux-x86_64 0.2 6.48 67.98 74.46 NOTE
r-release-macos-arm64 0.2 NOTE
r-release-macos-x86_64 0.2 NOTE
r-release-windows-ix86+x86_64 0.2 21.00 97.00 118.00 NOTE
r-oldrel-macos-x86_64 0.2 OK
r-oldrel-windows-ix86+x86_64 0.2 20.00 100.00 120.00 OK

Check Details

Version: 0.2
Check: LazyData
Result: NOTE
     'LazyData' is specified without a 'data' directory
Flavors: r-devel-linux-x86_64-debian-clang, r-devel-linux-x86_64-debian-gcc, r-devel-linux-x86_64-fedora-clang, r-devel-linux-x86_64-fedora-gcc, r-devel-windows-x86_64-new-UL, r-devel-windows-x86_64-new-TK, r-devel-windows-x86_64-old, r-patched-linux-x86_64, r-release-linux-x86_64, r-release-macos-arm64, r-release-macos-x86_64, r-release-windows-ix86+x86_64