Last updated on 2022-06-25 05:51:28 CEST.
Flavor | Version | Tinstall | Tcheck | Ttotal | Status | Flags |
---|---|---|---|---|---|---|
r-devel-linux-x86_64-debian-clang | 3.0.0 | 2.28 | 22.88 | 25.16 | OK | |
r-devel-linux-x86_64-debian-gcc | 3.0.0 | 1.81 | 17.33 | 19.14 | OK | |
r-devel-linux-x86_64-fedora-clang | 3.0.0 | 42.37 | NOTE | |||
r-devel-linux-x86_64-fedora-gcc | 3.0.0 | 39.71 | NOTE | |||
r-devel-windows-x86_64 | 3.0.0 | 17.00 | 46.00 | 63.00 | OK | |
r-patched-linux-x86_64 | 3.0.0 | 2.53 | 22.00 | 24.53 | OK | |
r-release-linux-x86_64 | 3.0.0 | 1.90 | 21.89 | 23.79 | OK | |
r-release-macos-arm64 | 3.0.0 | 16.00 | NOTE | |||
r-release-macos-x86_64 | 3.0.0 | 26.00 | NOTE | |||
r-release-windows-x86_64 | 3.0.0 | 23.00 | 46.00 | 69.00 | OK | |
r-oldrel-macos-arm64 | 3.0.0 | 17.00 | NOTE | |||
r-oldrel-macos-x86_64 | 3.0.0 | 21.00 | NOTE | |||
r-oldrel-windows-ix86+x86_64 | 3.0.0 | 7.00 | 42.00 | 49.00 | OK |
Version: 3.0.0
Check: dependencies in R code
Result: NOTE
Namespace in Imports field not imported from: ‘stats’
All declared Imports should be used.
Flavors: r-devel-linux-x86_64-fedora-clang, r-devel-linux-x86_64-fedora-gcc, r-release-macos-arm64, r-release-macos-x86_64, r-oldrel-macos-arm64, r-oldrel-macos-x86_64