Last updated on 2022-05-20 05:54:39 CEST.
Flavor | Version | Tinstall | Tcheck | Ttotal | Status | Flags |
---|---|---|---|---|---|---|
r-devel-linux-x86_64-debian-clang | 0.1.1 | 6.31 | 59.20 | 65.51 | NOTE | |
r-devel-linux-x86_64-debian-gcc | 0.1.1 | 4.20 | 45.19 | 49.39 | NOTE | |
r-devel-linux-x86_64-fedora-clang | 0.1.1 | 76.48 | NOTE | |||
r-devel-linux-x86_64-fedora-gcc | 0.1.1 | 76.12 | NOTE | |||
r-devel-windows-x86_64 | 0.1.1 | 46.00 | 83.00 | 129.00 | NOTE | |
r-patched-linux-x86_64 | 0.1.1 | 4.11 | 56.27 | 60.38 | NOTE | |
r-release-linux-x86_64 | 0.1.1 | 4.66 | 57.17 | 61.83 | NOTE | |
r-release-macos-arm64 | 0.1.1 | 22.00 | NOTE | |||
r-release-macos-x86_64 | 0.1.1 | 52.00 | NOTE | |||
r-release-windows-x86_64 | 0.1.1 | 45.00 | 89.00 | 134.00 | NOTE | |
r-oldrel-macos-arm64 | 0.1.1 | 27.00 | NOTE | |||
r-oldrel-macos-x86_64 | 0.1.1 | 41.00 | NOTE | |||
r-oldrel-windows-ix86+x86_64 | 0.1.1 | 14.00 | 74.00 | 88.00 | NOTE |
Version: 0.1.1
Check: LazyData
Result: NOTE
'LazyData' is specified without a 'data' directory
Flavors: r-devel-linux-x86_64-debian-clang, r-devel-linux-x86_64-debian-gcc, r-devel-linux-x86_64-fedora-clang, r-devel-linux-x86_64-fedora-gcc, r-devel-windows-x86_64, r-patched-linux-x86_64, r-release-linux-x86_64, r-release-macos-arm64, r-release-macos-x86_64, r-release-windows-x86_64, r-oldrel-macos-arm64, r-oldrel-macos-x86_64, r-oldrel-windows-ix86+x86_64