CRAN Package Check Results for Package shinyjqui

Last updated on 2022-01-25 05:54:56 CET.

Flavor Version Tinstall Tcheck Ttotal Status Flags
r-devel-linux-x86_64-debian-clang 0.4.0 3.38 51.21 54.59 NOTE
r-devel-linux-x86_64-debian-gcc 0.4.0 3.58 40.71 44.29 NOTE
r-devel-linux-x86_64-fedora-clang 0.4.0 68.51 NOTE
r-devel-linux-x86_64-fedora-gcc 0.4.0 57.14 NOTE
r-devel-windows-x86_64-new-UL 0.4.0 76.00 97.00 173.00 NOTE
r-devel-windows-x86_64-new-TK 0.4.0 NOTE
r-patched-linux-x86_64 0.4.0 4.80 51.63 56.43 NOTE
r-release-linux-x86_64 0.4.0 3.76 51.09 54.85 NOTE
r-release-macos-arm64 0.4.0 NOTE
r-release-macos-x86_64 0.4.0 NOTE
r-release-windows-ix86+x86_64 0.4.0 10.00 69.00 79.00 NOTE
r-oldrel-macos-x86_64 0.4.0 OK
r-oldrel-windows-ix86+x86_64 0.4.0 10.00 68.00 78.00 OK

Check Details

Version: 0.4.0
Check: LazyData
Result: NOTE
     'LazyData' is specified without a 'data' directory
Flavors: r-devel-linux-x86_64-debian-clang, r-devel-linux-x86_64-debian-gcc, r-devel-linux-x86_64-fedora-clang, r-devel-linux-x86_64-fedora-gcc, r-devel-windows-x86_64-new-UL, r-devel-windows-x86_64-new-TK, r-patched-linux-x86_64, r-release-linux-x86_64, r-release-macos-arm64, r-release-macos-x86_64, r-release-windows-ix86+x86_64