CRAN Package Check Results for Package shrinkDSM

Last updated on 2022-08-12 05:52:59 CEST.

Flavor Version Tinstall Tcheck Ttotal Status Flags
r-devel-linux-x86_64-debian-clang 0.1.0 85.72 42.70 128.42 WARN
r-devel-linux-x86_64-debian-gcc 0.1.0 68.26 33.24 101.50 OK
r-devel-linux-x86_64-fedora-clang 0.1.0 194.74 WARN
r-devel-linux-x86_64-fedora-gcc 0.1.0 191.25 OK
r-devel-windows-x86_64 0.1.0 77.00 89.00 166.00 OK
r-patched-linux-x86_64 0.1.0 74.48 41.92 116.40 OK
r-release-linux-x86_64 0.1.0 72.00 41.59 113.59 OK
r-release-macos-arm64 0.1.0 45.00 OK
r-release-macos-x86_64 0.1.0 60.00 OK
r-release-windows-x86_64 0.1.0 76.00 86.00 162.00 OK
r-oldrel-macos-arm64 0.1.0 62.00 NOTE
r-oldrel-macos-x86_64 0.1.0 59.00 OK
r-oldrel-windows-ix86+x86_64 0.1.0 204.00 91.00 295.00 OK

Additional issues

clang14

Check Details

Version: 0.1.0
Check: whether package can be installed
Result: WARN
    Found the following significant warnings:
     do_shrinkDSM.cpp:361:7: warning: use of bitwise '&' with boolean operands [-Wbitwise-instead-of-logical]
     do_shrinkDSM.cpp:366:7: warning: use of bitwise '&' with boolean operands [-Wbitwise-instead-of-logical]
     do_shrinkDSM.cpp:371:7: warning: use of bitwise '&' with boolean operands [-Wbitwise-instead-of-logical]
     do_shrinkDSM.cpp:376:7: warning: use of bitwise '&' with boolean operands [-Wbitwise-instead-of-logical]
     do_shrinkDSM.cpp:702:9: warning: use of bitwise '&' with boolean operands [-Wbitwise-instead-of-logical]
     do_shrinkDSM.cpp:706:9: warning: use of bitwise '&' with boolean operands [-Wbitwise-instead-of-logical]
     do_shrinkDSM.cpp:710:9: warning: use of bitwise '&' with boolean operands [-Wbitwise-instead-of-logical]
     do_shrinkDSM.cpp:714:9: warning: use of bitwise '&' with boolean operands [-Wbitwise-instead-of-logical]
Flavors: r-devel-linux-x86_64-debian-clang, r-devel-linux-x86_64-fedora-clang

Version: 0.1.0
Check: installed package size
Result: NOTE
     installed size is 5.6Mb
     sub-directories of 1Mb or more:
     libs 5.4Mb
Flavor: r-oldrel-macos-arm64