CRAN Package Check Results for Package shrinkTVP

Last updated on 2022-09-24 05:51:14 CEST.

Flavor Version Tinstall Tcheck Ttotal Status Flags
r-devel-linux-x86_64-debian-clang 2.0.5 199.15 67.96 267.11 WARN
r-devel-linux-x86_64-debian-gcc 2.0.5 164.11 52.75 216.86 OK
r-devel-linux-x86_64-fedora-clang 2.0.5 408.87 WARN
r-devel-linux-x86_64-fedora-gcc 2.0.5 374.01 OK
r-devel-windows-x86_64 2.0.5 164.00 147.00 311.00 OK
r-patched-linux-x86_64 2.0.5 182.26 64.65 246.91 OK
r-release-linux-x86_64 2.0.5 176.16 64.56 240.72 OK
r-release-macos-arm64 2.0.5 90.00 NOTE
r-release-macos-x86_64 2.0.5 109.00 NOTE
r-release-windows-x86_64 2.0.5 276.00 146.00 422.00 OK
r-oldrel-macos-arm64 2.0.5 79.00 NOTE
r-oldrel-macos-x86_64 2.0.5 108.00 NOTE
r-oldrel-windows-ix86+x86_64 2.0.5 509.00 127.00 636.00 OK

Additional issues

clang14

Check Details

Version: 2.0.5
Check: whether package can be installed
Result: WARN
    Found the following significant warnings:
     TG_sampling_functions.cpp:50:7: warning: use of bitwise '|' with boolean operands [-Wbitwise-instead-of-logical]
     cpp_utilities.cpp:33:7: warning: use of bitwise '|' with boolean operands [-Wbitwise-instead-of-logical]
     do_rgig1.cpp:149:14: warning: use of bitwise '&' with boolean operands [-Wbitwise-instead-of-logical]
     shrinkTVP.cpp:146:7: warning: use of bitwise '&' with boolean operands [-Wbitwise-instead-of-logical]
     shrinkTVP.cpp:151:7: warning: use of bitwise '&' with boolean operands [-Wbitwise-instead-of-logical]
     shrinkTVP.cpp:156:7: warning: use of bitwise '&' with boolean operands [-Wbitwise-instead-of-logical]
     shrinkTVP.cpp:161:7: warning: use of bitwise '&' with boolean operands [-Wbitwise-instead-of-logical]
     shrinkTVP.cpp:620:11: warning: use of bitwise '&' with boolean operands [-Wbitwise-instead-of-logical]
     shrinkTVP.cpp:624:11: warning: use of bitwise '&' with boolean operands [-Wbitwise-instead-of-logical]
     shrinkTVP.cpp:628:11: warning: use of bitwise '&' with boolean operands [-Wbitwise-instead-of-logical]
     shrinkTVP.cpp:632:11: warning: use of bitwise '&' with boolean operands [-Wbitwise-instead-of-logical]
Flavor: r-devel-linux-x86_64-debian-clang

Version: 2.0.5
Check: whether package can be installed
Result: WARN
    Found the following significant warnings:
     do_rgig1.cpp:149:14: warning: use of bitwise '&' with boolean operands [-Wbitwise-instead-of-logical]
     TG_sampling_functions.cpp:50:7: warning: use of bitwise '|' with boolean operands [-Wbitwise-instead-of-logical]
     cpp_utilities.cpp:33:7: warning: use of bitwise '|' with boolean operands [-Wbitwise-instead-of-logical]
     shrinkTVP.cpp:146:7: warning: use of bitwise '&' with boolean operands [-Wbitwise-instead-of-logical]
     shrinkTVP.cpp:151:7: warning: use of bitwise '&' with boolean operands [-Wbitwise-instead-of-logical]
     shrinkTVP.cpp:156:7: warning: use of bitwise '&' with boolean operands [-Wbitwise-instead-of-logical]
     shrinkTVP.cpp:161:7: warning: use of bitwise '&' with boolean operands [-Wbitwise-instead-of-logical]
     shrinkTVP.cpp:620:11: warning: use of bitwise '&' with boolean operands [-Wbitwise-instead-of-logical]
     shrinkTVP.cpp:624:11: warning: use of bitwise '&' with boolean operands [-Wbitwise-instead-of-logical]
     shrinkTVP.cpp:628:11: warning: use of bitwise '&' with boolean operands [-Wbitwise-instead-of-logical]
     shrinkTVP.cpp:632:11: warning: use of bitwise '&' with boolean operands [-Wbitwise-instead-of-logical]
Flavor: r-devel-linux-x86_64-fedora-clang

Version: 2.0.5
Check: installed package size
Result: NOTE
     installed size is 8.6Mb
     sub-directories of 1Mb or more:
     libs 7.7Mb
Flavors: r-release-macos-arm64, r-release-macos-x86_64, r-oldrel-macos-arm64, r-oldrel-macos-x86_64