CRAN Package Check Results for Package sift

Last updated on 2021-11-28 05:49:47 CET.

Flavor Version Tinstall Tcheck Ttotal Status Flags
r-devel-linux-x86_64-debian-clang 0.1.0 OK
r-devel-linux-x86_64-debian-gcc 0.1.0 5.59 44.71 50.30 OK
r-devel-linux-x86_64-fedora-clang 0.1.0 96.05 NOTE
r-devel-linux-x86_64-fedora-gcc 0.1.0 79.40 NOTE
r-devel-windows-x86_64-new-UL 0.1.0 21.00 106.00 127.00 OK
r-devel-windows-x86_64-new-TK 0.1.0 NOTE
r-devel-windows-x86_64-old 0.1.0 13.00 90.00 103.00 OK
r-patched-linux-x86_64 0.1.0 9.15 54.10 63.25 OK
r-patched-solaris-x86 0.1.0 104.60 NOTE
r-release-linux-x86_64 0.1.0 7.56 54.73 62.29 OK
r-release-macos-arm64 0.1.0 NOTE
r-release-macos-x86_64 0.1.0 NOTE
r-release-windows-ix86+x86_64 0.1.0 31.00 81.00 112.00 OK
r-oldrel-macos-x86_64 0.1.0 NOTE
r-oldrel-windows-ix86+x86_64 0.1.0 34.00 105.00 139.00 OK

Check Details

Version: 0.1.0
Check: data for non-ASCII characters
Result: NOTE
     Note: found 1231 marked UTF-8 strings
Flavors: r-devel-linux-x86_64-fedora-clang, r-devel-linux-x86_64-fedora-gcc, r-devel-windows-x86_64-new-TK, r-patched-solaris-x86, r-release-macos-arm64, r-release-macos-x86_64, r-oldrel-macos-x86_64