Last updated on 2022-08-12 05:52:59 CEST.
Flavor | Version | Tinstall | Tcheck | Ttotal | Status | Flags |
---|---|---|---|---|---|---|
r-devel-linux-x86_64-debian-clang | 0.9.0.0 | 85.31 | 131.11 | 216.42 | WARN | |
r-devel-linux-x86_64-debian-gcc | 0.9.0.2 | 73.49 | 92.17 | 165.66 | OK | |
r-devel-linux-x86_64-fedora-clang | 0.9.0.2 | 286.35 | OK | |||
r-devel-linux-x86_64-fedora-gcc | 0.9.0.2 | 237.74 | OK | |||
r-devel-windows-x86_64 | 0.9.0.2 | 97.00 | 155.00 | 252.00 | OK | |
r-patched-linux-x86_64 | 0.9.0.2 | 83.10 | 115.16 | 198.26 | OK | |
r-release-linux-x86_64 | 0.9.0.2 | 78.02 | 115.39 | 193.41 | OK | |
r-release-macos-arm64 | 0.9.0.0 | 74.00 | OK | |||
r-release-macos-x86_64 | 0.9.0.2 | 93.00 | NOTE | |||
r-release-windows-x86_64 | 0.9.0.2 | 102.00 | 167.00 | 269.00 | OK | |
r-oldrel-macos-arm64 | 0.9.0.0 | 68.00 | OK | |||
r-oldrel-macos-x86_64 | 0.9.0.2 | 92.00 | NOTE | |||
r-oldrel-windows-ix86+x86_64 | 0.9.0.2 | 49.00 | 10.00 | 59.00 | ERROR |
Version: 0.9.0.0
Check: whether package can be installed
Result: WARN
Found the following significant warnings:
genotype.cpp:475:7: warning: use of bitwise '|' with boolean operands [-Wbitwise-instead-of-logical]
genotype.cpp:672:7: warning: use of bitwise '|' with boolean operands [-Wbitwise-instead-of-logical]
pedigree.cpp:193:9: warning: use of bitwise '&' with boolean operands [-Wbitwise-instead-of-logical]
Flavor: r-devel-linux-x86_64-debian-clang
Version: 0.9.0.2
Check: installed package size
Result: NOTE
installed size is 6.1Mb
sub-directories of 1Mb or more:
libs 5.3Mb
Flavors: r-release-macos-x86_64, r-oldrel-macos-x86_64
Version: 0.9.0.2
Check: whether package can be installed
Result: ERROR
Installation failed.
Flavor: r-oldrel-windows-ix86+x86_64