Last updated on 2022-05-27 05:53:08 CEST.
Flavor | Version | Tinstall | Tcheck | Ttotal | Status | Flags |
---|---|---|---|---|---|---|
r-devel-linux-x86_64-debian-clang | 1.2.0 | 6.12 | 253.68 | 259.80 | OK | |
r-devel-linux-x86_64-debian-gcc | 1.2.0 | 4.43 | 178.34 | 182.77 | OK | |
r-devel-linux-x86_64-fedora-clang | 1.2.0 | 292.13 | NOTE | |||
r-devel-linux-x86_64-fedora-gcc | 1.2.0 | 280.02 | NOTE | |||
r-devel-windows-x86_64 | 1.2.0 | 34.00 | 288.00 | 322.00 | OK | |
r-patched-linux-x86_64 | 1.2.0 | 5.95 | 237.72 | 243.67 | OK | |
r-release-linux-x86_64 | 1.2.0 | 6.09 | 236.78 | 242.87 | OK | |
r-release-macos-arm64 | 1.2.0 | 59.00 | NOTE | |||
r-release-macos-x86_64 | 1.2.0 | 87.00 | NOTE | |||
r-release-windows-x86_64 | 1.2.0 | 28.00 | 280.00 | 308.00 | OK | |
r-oldrel-macos-arm64 | 1.2.0 | 82.00 | NOTE | |||
r-oldrel-macos-x86_64 | 1.2.0 | 139.00 | NOTE | |||
r-oldrel-windows-ix86+x86_64 | 1.2.0 | 11.00 | 287.00 | 298.00 | OK |
Version: 1.2.0
Check: dependencies in R code
Result: NOTE
Namespace in Imports field not imported from: ‘quadprog’
All declared Imports should be used.
Flavors: r-devel-linux-x86_64-fedora-clang, r-devel-linux-x86_64-fedora-gcc, r-release-macos-arm64, r-release-macos-x86_64, r-oldrel-macos-arm64, r-oldrel-macos-x86_64