CRAN Package Check Results for Package simsem

Last updated on 2024-06-24 06:49:22 CEST.

Flavor Version Tinstall Tcheck Ttotal Status Flags
r-devel-linux-x86_64-debian-clang 0.5-16 24.72 150.40 175.12 NOTE
r-devel-linux-x86_64-debian-gcc 0.5-16 15.77 105.53 121.30 NOTE
r-devel-linux-x86_64-fedora-clang 0.5-16 210.46 NOTE
r-devel-linux-x86_64-fedora-gcc 0.5-16 199.39 NOTE
r-devel-windows-x86_64 0.5-16 19.00 124.00 143.00 NOTE
r-patched-linux-x86_64 0.5-16 27.87 139.88 167.75 NOTE
r-release-linux-x86_64 0.5-16 22.17 141.36 163.53 NOTE
r-release-macos-arm64 0.5-16 50.00 NOTE
r-release-macos-x86_64 0.5-16 82.00 NOTE
r-release-windows-x86_64 0.5-16 18.00 126.00 144.00 NOTE
r-oldrel-macos-arm64 0.5-16 56.00 OK
r-oldrel-macos-x86_64 0.5-16 98.00 NOTE
r-oldrel-windows-x86_64 0.5-16 17.00 155.00 172.00 OK

Check Details

Version: 0.5-16
Check: Rd files
Result: NOTE checkRd: (-1) SimDataDist-class.Rd:28: Lost braces in \itemize; meant \describe ? checkRd: (-1) SimDataDist-class.Rd:29: Lost braces in \itemize; meant \describe ? checkRd: (-1) createData.Rd:7: Lost braces 7 | This function can be used to create data from a set of parameters created from \code{\link{draw}}, called a code{paramSet}. This function is used internally to create data, and is available publicly for accessibility and debugging. | ^ checkRd: (-1) exportData.Rd:7: Lost braces 7 | This function can be used to export data created from a set of parameters created from \code{\link{draw}}, called a code{paramSet}. This function can export data to be analyzed with either Mplus or LISREL. | ^ Flavors: r-devel-linux-x86_64-debian-clang, r-devel-linux-x86_64-debian-gcc, r-devel-linux-x86_64-fedora-clang, r-devel-linux-x86_64-fedora-gcc, r-devel-windows-x86_64, r-patched-linux-x86_64, r-release-linux-x86_64, r-release-macos-arm64, r-release-macos-x86_64, r-release-windows-x86_64

Version: 0.5-16
Check: package dependencies
Result: NOTE Packages suggested but not available for checking: 'quantreg', 'semTools', 'OpenMx', 'copula' Flavor: r-oldrel-macos-x86_64

Version: 0.5-16
Check: Rd cross-references
Result: NOTE Package unavailable to check Rd xrefs: ‘copula’ Flavor: r-oldrel-macos-x86_64