CRAN Package Check Results for Package siqr

Last updated on 2024-06-15 06:49:57 CEST.

Flavor Version Tinstall Tcheck Ttotal Status Flags
r-devel-linux-x86_64-debian-clang 0.8.1 2.18 27.47 29.65 NOTE
r-devel-linux-x86_64-debian-gcc 0.8.1 1.77 21.54 23.31 NOTE
r-devel-linux-x86_64-fedora-clang 0.8.1 38.54 NOTE
r-devel-linux-x86_64-fedora-gcc 0.8.1 36.33 NOTE
r-devel-windows-x86_64 0.8.1 3.00 42.00 45.00 NOTE
r-patched-linux-x86_64 0.8.1 2.46 27.51 29.97 NOTE
r-release-linux-x86_64 0.8.1 2.05 27.32 29.37 NOTE
r-release-macos-arm64 0.8.1 18.00 NOTE
r-release-macos-x86_64 0.8.1 22.00 NOTE
r-release-windows-x86_64 0.8.1 3.00 43.00 46.00 NOTE
r-oldrel-macos-arm64 0.8.1 20.00 NOTE
r-oldrel-macos-x86_64 0.8.1 24.00 NOTE
r-oldrel-windows-x86_64 0.8.1 4.00 46.00 50.00 NOTE

Check Details

Version: 0.8.1
Check: package subdirectories
Result: NOTE Problems with news in ‘NEWS.md’: No news entries found. Flavors: r-devel-linux-x86_64-debian-clang, r-devel-linux-x86_64-debian-gcc, r-devel-linux-x86_64-fedora-clang, r-devel-linux-x86_64-fedora-gcc, r-devel-windows-x86_64, r-patched-linux-x86_64, r-release-linux-x86_64, r-release-macos-arm64, r-release-macos-x86_64, r-release-windows-x86_64, r-oldrel-macos-arm64, r-oldrel-macos-x86_64, r-oldrel-windows-x86_64