CRAN Package Check Results for Package sketchy

Last updated on 2022-12-09 05:54:19 CET.

Flavor Version Tinstall Tcheck Ttotal Status Flags
r-devel-linux-x86_64-debian-clang 1.0.2 2.94 32.96 35.90 OK
r-devel-linux-x86_64-debian-gcc 1.0.2 2.55 26.78 29.33 OK
r-devel-linux-x86_64-fedora-clang 1.0.2 57.31 NOTE
r-devel-linux-x86_64-fedora-gcc 1.0.2 52.98 NOTE
r-devel-windows-x86_64 1.0.2 16.00 67.00 83.00 OK
r-patched-linux-x86_64 1.0.2 3.47 31.65 35.12 OK
r-release-linux-x86_64 1.0.2 2.99 31.55 34.54 OK
r-release-macos-arm64 1.0.2 18.00 NOTE
r-release-macos-x86_64 1.0.2 24.00 NOTE
r-release-windows-x86_64 1.0.2 14.00 63.00 77.00 OK
r-oldrel-macos-arm64 1.0.2 17.00 NOTE
r-oldrel-macos-x86_64 1.0.2 23.00 NOTE
r-oldrel-windows-ix86+x86_64 1.0.2 7.00 56.00 63.00 OK

Check Details

Version: 1.0.2
Check: data for non-ASCII characters
Result: NOTE
     Note: found 2 marked UTF-8 strings
Flavors: r-devel-linux-x86_64-fedora-clang, r-devel-linux-x86_64-fedora-gcc, r-release-macos-arm64, r-release-macos-x86_64, r-oldrel-macos-arm64, r-oldrel-macos-x86_64