CRAN Package Check Results for Package skimr

Last updated on 2021-12-09 05:59:50 CET.

Flavor Version Tinstall Tcheck Ttotal Status Flags
r-devel-linux-x86_64-debian-clang 2.1.3 5.35 87.34 92.69 NOTE
r-devel-linux-x86_64-debian-gcc 2.1.3 4.37 68.98 73.35 NOTE
r-devel-linux-x86_64-fedora-clang 2.1.3 123.94 NOTE
r-devel-linux-x86_64-fedora-gcc 2.1.3 111.45 NOTE
r-devel-windows-x86_64-new-UL 2.1.3 19.00 140.00 159.00 NOTE
r-devel-windows-x86_64-new-TK 2.1.3 NOTE
r-devel-windows-x86_64-old 2.1.3 10.00 82.00 92.00 NOTE
r-patched-linux-x86_64 2.1.3 6.53 87.70 94.23 NOTE
r-release-linux-x86_64 2.1.3 6.15 89.08 95.23 NOTE
r-release-macos-arm64 2.1.3 NOTE
r-release-macos-x86_64 2.1.3 NOTE
r-release-windows-ix86+x86_64 2.1.3 10.00 105.00 115.00 NOTE
r-oldrel-macos-x86_64 2.1.3 OK
r-oldrel-windows-ix86+x86_64 2.1.3 14.00 113.00 127.00 OK

Check Details

Version: 2.1.3
Check: LazyData
Result: NOTE
     'LazyData' is specified without a 'data' directory
Flavors: r-devel-linux-x86_64-debian-clang, r-devel-linux-x86_64-debian-gcc, r-devel-linux-x86_64-fedora-clang, r-devel-linux-x86_64-fedora-gcc, r-devel-windows-x86_64-new-UL, r-devel-windows-x86_64-new-TK, r-devel-windows-x86_64-old, r-patched-linux-x86_64, r-release-linux-x86_64, r-release-macos-arm64, r-release-macos-x86_64, r-release-windows-ix86+x86_64