CRAN Package Check Results for Package skm

Last updated on 2021-10-19 05:51:16 CEST.

Flavor Version Tinstall Tcheck Ttotal Status Flags
r-devel-linux-x86_64-debian-clang 0.1.5.4 74.09 452.12 526.21 NOTE
r-devel-linux-x86_64-debian-gcc 0.1.5.4 57.76 346.87 404.63 NOTE
r-devel-linux-x86_64-fedora-clang 0.1.5.4 706.20 NOTE
r-devel-linux-x86_64-fedora-gcc 0.1.5.4 677.43 NOTE
r-devel-windows-x86_64 0.1.5.4 105.00 56.00 161.00 NOTE --no-vignettes
r-devel-windows-x86_64-gcc10-UCRT 0.1.5.4 NOTE
r-patched-linux-x86_64 0.1.5.4 68.16 457.00 525.16 NOTE
r-patched-solaris-x86 0.1.5.4 2041.20 WARN
r-release-linux-x86_64 0.1.5.4 69.56 458.44 528.00 NOTE
r-release-macos-arm64 0.1.5.4 NOTE
r-release-macos-x86_64 0.1.5.4 NOTE
r-release-windows-ix86+x86_64 0.1.5.4 161.00 82.00 243.00 NOTE --no-vignettes
r-oldrel-macos-x86_64 0.1.5.4 NOTE
r-oldrel-windows-ix86+x86_64 0.1.5.4 217.00 75.00 292.00 NOTE --no-vignettes

Check Details

Version: 0.1.5.4
Check: for GNU extensions in Makefiles
Result: NOTE
    GNU make is a SystemRequirements.
Flavors: r-devel-linux-x86_64-debian-clang, r-devel-linux-x86_64-debian-gcc, r-devel-linux-x86_64-fedora-clang, r-devel-linux-x86_64-fedora-gcc, r-devel-windows-x86_64-gcc10-UCRT, r-patched-linux-x86_64, r-patched-solaris-x86, r-release-linux-x86_64, r-release-macos-arm64, r-release-macos-x86_64, r-oldrel-macos-x86_64

Version: 0.1.5.4
Check: installed package size
Result: NOTE
     installed size is 6.0Mb
     sub-directories of 1Mb or more:
     doc 1.1Mb
     libs 3.8Mb
Flavors: r-devel-linux-x86_64-fedora-clang, r-release-macos-arm64, r-release-macos-x86_64, r-oldrel-macos-x86_64

Version: 0.1.5.4
Check: compiled code
Result: NOTE
    File ‘skm/libs/skm.so’:
     Found no calls to: ‘R_registerRoutines’, ‘R_useDynamicSymbols’
    
    It is good practice to register native routines and to disable symbol
    search.
    
    See ‘Writing portable packages’ in the ‘Writing R Extensions’ manual.
Flavors: r-devel-linux-x86_64-fedora-clang, r-devel-linux-x86_64-fedora-gcc

Version: 0.1.5.4
Flags: --no-vignettes
Check: for GNU extensions in Makefiles
Result: NOTE
    GNU make is a SystemRequirements.
Flavors: r-devel-windows-x86_64, r-release-windows-ix86+x86_64, r-oldrel-windows-ix86+x86_64

Version: 0.1.5.4
Check: re-building of vignette outputs
Result: WARN
    Error(s) in re-building vignettes:
     ...
    --- re-building ‘skm-vignettes.Rmd’ using rmarkdown
    Warning in engine$weave(file, quiet = quiet, encoding = enc) :
     Pandoc (>= 1.12.3) not available. Falling back to R Markdown v1.
    Loading required package: magrittr
    Loading required package: data.table
    skm_mls: skm solver via skm_mls_cpp ...
    
    skm_mls: auto_create g w.r.t first letter of s_name.
    
    skm_mls: optimizing on k <1> ...
    
    skm_mls: optimizing on k <1> ... done.
    
    skm_mls: optimizing on k <2> ...
    
    skm_mls: set extra runs based on previous optim s ...
    
    skm_mls: set extra runs based on previous optim s ... done.
    
    skm_mls: optimizing on k <2> ... done.
    
    skm_mls: optimizing on k <3> ...
    
    skm_mls: set extra runs based on previous optim s ...
    
    skm_mls: set extra runs based on previous optim s ... done.
    
    skm_mls: optimizing on k <3> ... done.
    
    skm_mls: optimizing on k <4> ...
    
    skm_mls: set extra runs based on previous optim s ...
    
    skm_mls: set extra runs based on previous optim s ... done.
    
    skm_mls: optimizing on k <4> ... done.
    
    skm_mls: optimizing on k <5> ...
    
    skm_mls: set extra runs based on previous optim s ...
    
    skm_mls: set extra runs based on previous optim s ... done.
    
    skm_mls: optimizing on k <5> ... done.
    
    skm_mls: optimizing on k <6> ...
    
    skm_mls: set extra runs based on previous optim s ...
    
    skm_mls: set extra runs based on previous optim s ... done.
    
    skm_mls: optimizing on k <6> ... done.
    
    skm_mls: optimizing on k <7> ...
    
    skm_mls: set extra runs based on previous optim s ...
    
    skm_mls: encounter better solution at jk <28> run based on previous optim s ...
    
    skm_mls: set extra runs based on previous optim s ... done.
    
    skm_mls: optimizing on k <7> ... done.
    
    skm_mls: optimizing on k <8> ...
Flavor: r-patched-solaris-x86