Last updated on 2023-01-27 05:53:14 CET.
Flavor | Version | Tinstall | Tcheck | Ttotal | Status | Flags |
---|---|---|---|---|---|---|
r-devel-linux-x86_64-debian-clang | 0.2-14 | 2.47 | 449.85 | 452.32 | NOTE | |
r-devel-linux-x86_64-debian-gcc | 0.2-14 | 2.65 | 306.30 | 308.95 | NOTE | |
r-devel-linux-x86_64-fedora-clang | 0.2-14 | 538.79 | NOTE | |||
r-devel-linux-x86_64-fedora-gcc | 0.2-14 | 514.62 | NOTE | |||
r-patched-linux-x86_64 | 0.2-14 | 3.21 | 360.36 | 363.57 | NOTE | |
r-release-linux-x86_64 | 0.2-14 | 3.62 | 359.65 | 363.27 | NOTE | |
r-release-macos-arm64 | 0.2-14 | 21.00 | NOTE | |||
r-release-macos-x86_64 | 0.2-14 | 160.00 | NOTE | |||
r-release-windows-x86_64 | 0.2-14 | 16.00 | 344.00 | 360.00 | NOTE | |
r-oldrel-macos-arm64 | 0.2-14 | 27.00 | NOTE | |||
r-oldrel-macos-x86_64 | 0.2-14 | 29.00 | NOTE | |||
r-oldrel-windows-ix86+x86_64 | 0.2-14 | 7.00 | 379.00 | 386.00 | NOTE |
Version: 0.2-14
Check: package dependencies
Result: NOTE
Package which this enhances but not available for checking: ‘kmndirs’
Flavors: r-devel-linux-x86_64-debian-clang, r-devel-linux-x86_64-debian-gcc, r-devel-linux-x86_64-fedora-clang, r-devel-linux-x86_64-fedora-gcc, r-patched-linux-x86_64, r-release-linux-x86_64, r-release-macos-arm64, r-release-macos-x86_64, r-release-windows-x86_64, r-oldrel-macos-arm64, r-oldrel-macos-x86_64, r-oldrel-windows-ix86+x86_64
Version: 0.2-14
Check: dependencies in R code
Result: NOTE
Unavailable namespace imported from by a ‘:::’ call: ‘kmndirs’
See the note in ?`:::` about the use of this operator.
Flavors: r-devel-linux-x86_64-debian-clang, r-devel-linux-x86_64-debian-gcc, r-devel-linux-x86_64-fedora-clang, r-devel-linux-x86_64-fedora-gcc, r-patched-linux-x86_64, r-release-linux-x86_64, r-release-macos-arm64, r-release-macos-x86_64, r-release-windows-x86_64, r-oldrel-macos-arm64, r-oldrel-macos-x86_64, r-oldrel-windows-ix86+x86_64