CRAN Package Check Results for Package skpr

Last updated on 2021-02-27 06:47:07 CET.

Flavor Version Tinstall Tcheck Ttotal Status Flags
r-devel-linux-x86_64-debian-clang 0.64.2 172.84 183.80 356.64 OK
r-devel-linux-x86_64-debian-gcc 0.64.2 129.36 142.06 271.42 OK
r-devel-linux-x86_64-fedora-clang 0.64.2 476.60 NOTE
r-devel-linux-x86_64-fedora-gcc 0.64.2 459.98 NOTE
r-devel-windows-ix86+x86_64 0.64.2 248.00 287.00 535.00 OK
r-patched-linux-x86_64 0.64.2 150.69 177.52 328.21 OK
r-patched-solaris-x86 0.64.2 458.50 NOTE
r-release-linux-x86_64 0.64.2 148.19 178.78 326.97 OK
r-release-macos-x86_64 0.64.2 NOTE
r-release-windows-ix86+x86_64 0.64.2 337.00 389.00 726.00 OK
r-oldrel-macos-x86_64 0.64.2 NOTE
r-oldrel-windows-ix86+x86_64 0.64.2 231.00 302.00 533.00 OK

Check Details

Version: 0.64.2
Check: package dependencies
Result: NOTE
    Imports includes 22 non-default packages.
    Importing from so many packages makes the package vulnerable to any of
    them becoming unavailable. Move as many as possible to Suggests and
    use conditionally.
Flavor: r-devel-linux-x86_64-fedora-clang

Version: 0.64.2
Check: installed package size
Result: NOTE
     installed size is 34.4Mb
     sub-directories of 1Mb or more:
     libs 32.9Mb
Flavors: r-devel-linux-x86_64-fedora-clang, r-release-macos-x86_64, r-oldrel-macos-x86_64

Version: 0.64.2
Check: dependencies in R code
Result: NOTE
    Namespace in Imports field not imported from: ‘nlme’
     All declared Imports should be used.
Flavors: r-devel-linux-x86_64-fedora-clang, r-devel-linux-x86_64-fedora-gcc, r-patched-solaris-x86, r-release-macos-x86_64, r-oldrel-macos-x86_64