CRAN Package Check Results for Package skynet

Last updated on 2021-12-01 05:59:39 CET.

Flavor Version Tinstall Tcheck Ttotal Status Flags
r-devel-linux-x86_64-debian-clang 1.4.0 8.60 93.82 102.42 OK
r-devel-linux-x86_64-debian-gcc 1.4.0 7.75 70.18 77.93 OK
r-devel-linux-x86_64-fedora-clang 1.4.0 131.05 NOTE
r-devel-linux-x86_64-fedora-gcc 1.4.0 117.31 NOTE
r-devel-windows-x86_64-new-UL 1.4.0 22.00 150.00 172.00 OK
r-devel-windows-x86_64-new-TK 1.4.0 NOTE
r-devel-windows-x86_64-old 1.4.0 15.00 97.00 112.00 OK
r-patched-linux-x86_64 1.4.0 8.56 86.96 95.52 OK
r-patched-solaris-x86 1.4.0 166.50 NOTE
r-release-linux-x86_64 1.4.0 6.93 86.97 93.90 OK
r-release-macos-arm64 1.4.0 NOTE
r-release-macos-x86_64 1.4.0 NOTE
r-release-windows-ix86+x86_64 1.4.0 21.00 90.00 111.00 OK
r-oldrel-macos-x86_64 1.4.0 NOTE
r-oldrel-windows-ix86+x86_64 1.4.0 16.00 94.00 110.00 OK

Check Details

Version: 1.4.0
Check: dependencies in R code
Result: NOTE
    Namespace in Imports field not imported from: ‘maps’
     All declared Imports should be used.
Flavors: r-devel-linux-x86_64-fedora-clang, r-devel-linux-x86_64-fedora-gcc, r-devel-windows-x86_64-new-TK, r-patched-solaris-x86, r-release-macos-arm64, r-release-macos-x86_64, r-oldrel-macos-x86_64