CRAN Package Check Results for Package slfm

Last updated on 2020-01-17 05:47:26 CET.

Flavor Version Tinstall Tcheck Ttotal Status Flags
r-devel-linux-x86_64-debian-clang 1.0.0 54.09 28.46 82.55 WARN
r-devel-linux-x86_64-debian-gcc 1.0.0 36.62 22.95 59.57 WARN
r-devel-linux-x86_64-fedora-clang 1.0.0 116.29 WARN
r-devel-linux-x86_64-fedora-gcc 1.0.0 109.05 WARN
r-devel-windows-ix86+x86_64 1.0.0 140.00 91.00 231.00 WARN
r-devel-windows-ix86+x86_64-gcc8 1.0.0 119.00 88.00 207.00 WARN
r-patched-linux-x86_64 1.0.0 44.20 26.63 70.83 OK
r-patched-solaris-x86 1.0.0 109.90 OK
r-release-linux-x86_64 1.0.0 45.50 26.26 71.76 OK
r-release-windows-ix86+x86_64 1.0.0 140.00 59.00 199.00 OK
r-release-osx-x86_64 1.0.0 OK
r-oldrel-windows-ix86+x86_64 1.0.0 123.00 56.00 179.00 OK
r-oldrel-osx-x86_64 1.0.0 OK

Check Details

Version: 1.0.0
Check: whether package can be installed
Result: WARN
    Found the following significant warnings:
     slfm_MDN.cpp:26:38: warning: expression result unused [-Wunused-value]
     slfm_MNN.cpp:26:38: warning: expression result unused [-Wunused-value]
Flavors: r-devel-linux-x86_64-debian-clang, r-devel-linux-x86_64-fedora-clang

Version: 1.0.0
Check: whether package can be installed
Result: WARN
    Found the following significant warnings:
     slfm_MDN.cpp:26:38: warning: left operand of comma operator has no effect [-Wunused-value]
     slfm_MNN.cpp:26:38: warning: left operand of comma operator has no effect [-Wunused-value]
Flavors: r-devel-linux-x86_64-debian-gcc, r-devel-linux-x86_64-fedora-gcc

Version: 1.0.0
Check: whether package can be installed
Result: WARN
    Found the following significant warnings:
     slfm_MDN.cpp:26:40: warning: left operand of comma operator has no effect [-Wunused-value]
     slfm_MNN.cpp:26:40: warning: left operand of comma operator has no effect [-Wunused-value]
Flavors: r-devel-windows-ix86+x86_64, r-devel-windows-ix86+x86_64-gcc8