CRAN Package Check Results for Package slfm

Last updated on 2019-08-24 05:47:09 CEST.

Flavor Version Tinstall Tcheck Ttotal Status Flags
r-devel-linux-x86_64-debian-clang 1.0.0 45.58 26.82 72.40 OK
r-devel-linux-x86_64-debian-gcc 1.0.0 38.09 22.04 60.13 OK
r-devel-linux-x86_64-fedora-clang 1.0.0 116.62 WARN
r-devel-linux-x86_64-fedora-gcc 1.0.0 107.70 WARN
r-devel-windows-ix86+x86_64 1.0.0 87.00 74.00 161.00 OK
r-patched-linux-x86_64 1.0.0 42.43 27.11 69.54 OK
r-patched-solaris-x86 1.0.0 124.40 OK
r-release-linux-x86_64 1.0.0 41.75 27.25 69.00 OK
r-release-windows-ix86+x86_64 1.0.0 187.00 85.00 272.00 OK
r-release-osx-x86_64 1.0.0 OK
r-oldrel-windows-ix86+x86_64 1.0.0 120.00 82.00 202.00 OK
r-oldrel-osx-x86_64 1.0.0 OK

Check Details

Version: 1.0.0
Check: whether package can be installed
Result: WARN
    Found the following significant warnings:
     slfm_MDN.cpp:26:38: warning: expression result unused [-Wunused-value]
     slfm_MNN.cpp:26:38: warning: expression result unused [-Wunused-value]
Flavor: r-devel-linux-x86_64-fedora-clang

Version: 1.0.0
Check: whether package can be installed
Result: WARN
    Found the following significant warnings:
     slfm_MDN.cpp:26:38: warning: left operand of comma operator has no effect [-Wunused-value]
     slfm_MNN.cpp:26:38: warning: left operand of comma operator has no effect [-Wunused-value]
Flavor: r-devel-linux-x86_64-fedora-gcc