CRAN Package Check Results for Package sloop

Last updated on 2022-12-02 05:55:29 CET.

Flavor Version Tinstall Tcheck Ttotal Status Flags
r-devel-linux-x86_64-debian-clang 1.0.1 2.67 35.29 37.96 NOTE
r-devel-linux-x86_64-debian-gcc 1.0.1 2.54 27.25 29.79 NOTE
r-devel-linux-x86_64-fedora-clang 1.0.1 60.10 NOTE
r-devel-linux-x86_64-fedora-gcc 1.0.1 55.09 NOTE
r-devel-windows-x86_64 1.0.1 20.00 64.00 84.00 NOTE
r-patched-linux-x86_64 1.0.1 3.16 33.60 36.76 NOTE
r-release-linux-x86_64 1.0.1 2.03 33.14 35.17 NOTE
r-release-macos-arm64 1.0.1 19.00 NOTE
r-release-macos-x86_64 1.0.1 26.00 NOTE
r-release-windows-x86_64 1.0.1 12.00 66.00 78.00 NOTE
r-oldrel-macos-arm64 1.0.1 21.00 NOTE
r-oldrel-macos-x86_64 1.0.1 29.00 NOTE
r-oldrel-windows-ix86+x86_64 1.0.1 8.00 59.00 67.00 NOTE

Check Details

Version: 1.0.1
Check: LazyData
Result: NOTE
     'LazyData' is specified without a 'data' directory
Flavors: r-devel-linux-x86_64-debian-clang, r-devel-linux-x86_64-debian-gcc, r-devel-linux-x86_64-fedora-clang, r-devel-linux-x86_64-fedora-gcc, r-devel-windows-x86_64, r-patched-linux-x86_64, r-release-linux-x86_64, r-release-macos-arm64, r-release-macos-x86_64, r-release-windows-x86_64, r-oldrel-macos-arm64, r-oldrel-macos-x86_64, r-oldrel-windows-ix86+x86_64