CRAN Package Check Results for Package slp

Last updated on 2024-06-18 05:57:48 CEST.

Flavor Version Tinstall Tcheck Ttotal Status Flags
r-devel-linux-x86_64-debian-clang 1.0-5 10.79 78.97 89.76 NOTE
r-devel-linux-x86_64-debian-gcc 1.0-5 6.68 59.36 66.04 NOTE
r-devel-linux-x86_64-fedora-clang 1.0-5 109.21 NOTE
r-devel-linux-x86_64-fedora-gcc 1.0-5 106.76 NOTE
r-devel-windows-x86_64 1.0-5 11.00 79.00 90.00 NOTE
r-patched-linux-x86_64 1.0-5 7.33 74.77 82.10 NOTE
r-release-linux-x86_64 1.0-5 7.42 75.79 83.21 NOTE
r-release-macos-arm64 1.0-5 36.00 NOTE
r-release-macos-x86_64 1.0-5 64.00 NOTE
r-release-windows-x86_64 1.0-5 11.00 81.00 92.00 NOTE
r-oldrel-macos-arm64 1.0-5 38.00 NOTE
r-oldrel-macos-x86_64 1.0-5 60.00 NOTE
r-oldrel-windows-x86_64 1.0-5 15.00 94.00 109.00 NOTE

Check Details

Version: 1.0-5
Check: Rd files
Result: NOTE checkRd: (-1) slp-package.Rd:38: Escaped LaTeX specials: \& Flavors: r-devel-linux-x86_64-debian-clang, r-devel-linux-x86_64-debian-gcc, r-devel-linux-x86_64-fedora-clang, r-devel-linux-x86_64-fedora-gcc, r-devel-windows-x86_64, r-patched-linux-x86_64, r-release-linux-x86_64, r-release-macos-arm64, r-release-macos-x86_64, r-release-windows-x86_64, r-oldrel-macos-arm64, r-oldrel-macos-x86_64, r-oldrel-windows-x86_64

Version: 1.0-5
Check: compiled code
Result: NOTE File ‘slp/libs/slp.so’: Found no calls to: ‘R_registerRoutines’, ‘R_useDynamicSymbols’ It is good practice to register native routines and to disable symbol search. See ‘Writing portable packages’ in the ‘Writing R Extensions’ manual. Flavors: r-devel-linux-x86_64-fedora-clang, r-devel-linux-x86_64-fedora-gcc