CRAN Package Check Results for Package smacpod

Last updated on 2024-06-13 06:58:19 CEST.

Flavor Version Tinstall Tcheck Ttotal Status Flags
r-devel-linux-x86_64-debian-clang 2.6 4.48 107.73 112.21 NOTE
r-devel-linux-x86_64-debian-gcc 2.6 3.66 75.70 79.36 NOTE
r-devel-linux-x86_64-fedora-clang 2.6 134.78 NOTE
r-devel-linux-x86_64-fedora-gcc 2.6 148.77 NOTE
r-devel-windows-x86_64 2.6 5.00 122.00 127.00 NOTE
r-patched-linux-x86_64 2.6 9.06 102.20 111.26 NOTE
r-release-linux-x86_64 2.6 4.83 103.02 107.85 NOTE
r-release-macos-arm64 2.6 56.00 OK
r-release-macos-x86_64 2.6 82.00 OK
r-release-windows-x86_64 2.6 6.00 122.00 128.00 NOTE
r-oldrel-macos-arm64 2.6 53.00 OK
r-oldrel-macos-x86_64 2.6 174.00 OK
r-oldrel-windows-x86_64 2.6 7.00 126.00 133.00 OK

Check Details

Version: 2.6
Check: HTML version of manual
Result: NOTE Found the following HTML validation problems: print.spscan.html:49:1 (print.spscan.Rd:15): Warning: trimming empty <dt> summary.spscan.html:48:1 (summary.spscan.Rd:15): Warning: trimming empty <dt> Flavors: r-devel-linux-x86_64-debian-clang, r-devel-linux-x86_64-debian-gcc, r-devel-linux-x86_64-fedora-clang, r-devel-linux-x86_64-fedora-gcc, r-devel-windows-x86_64, r-patched-linux-x86_64, r-release-linux-x86_64, r-release-windows-x86_64

Version: 2.6
Check: package dependencies
Result: NOTE Package suggested but not available for checking: ‘testthat’ Flavor: r-devel-linux-x86_64-debian-gcc