CRAN Package Check Results for Package smartmap

Last updated on 2022-05-25 05:53:50 CEST.

Flavor Version Tinstall Tcheck Ttotal Status Flags
r-devel-linux-x86_64-debian-clang 0.1.1 3.81 71.84 75.65 NOTE
r-devel-linux-x86_64-debian-gcc 0.1.1 3.73 54.87 58.60 NOTE
r-devel-linux-x86_64-fedora-clang 0.1.1 89.32 NOTE
r-devel-linux-x86_64-fedora-gcc 0.1.1 77.25 NOTE
r-devel-windows-x86_64 0.1.1 25.00 84.00 109.00 NOTE
r-patched-linux-x86_64 0.1.1 4.75 68.22 72.97 NOTE
r-release-linux-x86_64 0.1.1 NOTE
r-release-macos-arm64 0.1.1 27.00 NOTE
r-release-macos-x86_64 0.1.1 43.00 NOTE
r-release-windows-x86_64 0.1.1 27.00 88.00 115.00 NOTE
r-oldrel-macos-arm64 0.1.1 29.00 NOTE
r-oldrel-macos-x86_64 0.1.1 50.00 NOTE
r-oldrel-windows-ix86+x86_64 0.1.1 17.00 75.00 92.00 NOTE

Check Details

Version: 0.1.1
Check: LazyData
Result: NOTE
     'LazyData' is specified without a 'data' directory
Flavors: r-devel-linux-x86_64-debian-clang, r-devel-linux-x86_64-debian-gcc, r-devel-linux-x86_64-fedora-clang, r-devel-linux-x86_64-fedora-gcc, r-devel-windows-x86_64, r-patched-linux-x86_64, r-release-linux-x86_64, r-release-macos-arm64, r-release-macos-x86_64, r-release-windows-x86_64, r-oldrel-macos-arm64, r-oldrel-macos-x86_64, r-oldrel-windows-ix86+x86_64