CRAN Package Check Results for Package snfa

Last updated on 2019-07-16 05:48:33 CEST.

Flavor Version Tinstall Tcheck Ttotal Status Flags
r-devel-linux-x86_64-debian-clang 0.0.1 2.19 36.41 38.60 OK
r-devel-linux-x86_64-debian-gcc 0.0.1 1.89 28.74 30.63 OK
r-devel-linux-x86_64-fedora-clang 0.0.1 48.21 NOTE
r-devel-linux-x86_64-fedora-gcc 0.0.1 44.92 NOTE
r-devel-windows-ix86+x86_64 0.0.1 12.00 47.00 59.00 OK
r-patched-linux-x86_64 0.0.1 2.35 37.30 39.65 OK
r-patched-solaris-x86 0.0.1 71.60 NOTE
r-release-linux-x86_64 0.0.1 2.47 35.34 37.81 OK
r-release-windows-ix86+x86_64 0.0.1 6.00 66.00 72.00 OK
r-release-osx-x86_64 0.0.1 NOTE
r-oldrel-windows-ix86+x86_64 0.0.1 6.00 45.00 51.00 OK
r-oldrel-osx-x86_64 0.0.1 NOTE

Check Details

Version: 0.0.1
Check: dependencies in R code
Result: NOTE
    Namespaces in Imports field not imported from:
     ‘Rdpack’ ‘ggplot2’
     All declared Imports should be used.
Flavors: r-devel-linux-x86_64-fedora-clang, r-devel-linux-x86_64-fedora-gcc, r-patched-solaris-x86, r-release-osx-x86_64, r-oldrel-osx-x86_64