CRAN Package Check Results for Package snplist

Last updated on 2019-07-16 05:48:33 CEST.

Flavor Version Tinstall Tcheck Ttotal Status Flags
r-devel-linux-x86_64-debian-clang 0.18.1 19.61 120.91 140.52 NOTE
r-devel-linux-x86_64-debian-gcc 0.18.1 15.59 94.24 109.83 NOTE
r-devel-linux-x86_64-fedora-clang 0.18.1 182.21 NOTE
r-devel-linux-x86_64-fedora-gcc 0.18.1 168.22 NOTE
r-devel-windows-ix86+x86_64 0.18.1 62.00 174.00 236.00 OK
r-patched-linux-x86_64 0.18.1 20.73 116.47 137.20 OK
r-patched-solaris-x86 0.18.1 258.80 OK
r-release-linux-x86_64 0.18.1 18.53 115.93 134.46 OK
r-release-windows-ix86+x86_64 0.18.1 59.00 246.00 305.00 OK
r-release-osx-x86_64 0.18.1 ERROR
r-oldrel-windows-ix86+x86_64 0.18.1 58.00 159.00 217.00 OK
r-oldrel-osx-x86_64 0.18.1 OK

Check Details

Version: 0.18.1
Check: for non-standard things in the check directory
Result: NOTE
    Found the following files/directories:
     'geneSet.set' 'snplistdb.sqlite'
Flavors: r-devel-linux-x86_64-debian-clang, r-devel-linux-x86_64-debian-gcc, r-devel-linux-x86_64-fedora-clang, r-devel-linux-x86_64-fedora-gcc

Version: 0.18.1
Check: package dependencies
Result: ERROR
    Package required but not available: ‘biomaRt’
    
    See section ‘The DESCRIPTION file’ in the ‘Writing R Extensions’
    manual.
Flavor: r-release-osx-x86_64