CRAN Package Check Results for Package snplist

Last updated on 2019-05-20 05:48:36 CEST.

Flavor Version Tinstall Tcheck Ttotal Status Flags
r-devel-linux-x86_64-debian-clang 0.18.1 20.83 113.10 133.93 OK
r-devel-linux-x86_64-debian-gcc 0.18.1 16.77 91.70 108.47 OK
r-devel-linux-x86_64-fedora-clang 0.18.1 174.10 OK
r-devel-linux-x86_64-fedora-gcc 0.18.1 181.23 OK
r-devel-windows-ix86+x86_64 0.18.1 63.00 228.00 291.00 OK
r-patched-linux-x86_64 0.18.1 18.94 115.47 134.41 OK
r-patched-solaris-x86 0.18.1 250.50 OK
r-release-linux-x86_64 0.18.1 18.55 115.50 134.05 OK
r-release-windows-ix86+x86_64 0.18.1 59.00 228.00 287.00 OK
r-release-osx-x86_64 0.18.1 ERROR
r-oldrel-windows-ix86+x86_64 0.18.1 35.00 159.00 194.00 OK
r-oldrel-osx-x86_64 0.18.1 OK

Check Details

Version: 0.18.1
Check: package dependencies
Result: ERROR
    Package required but not available: ‘biomaRt’
    
    See section ‘The DESCRIPTION file’ in the ‘Writing R Extensions’
    manual.
Flavor: r-release-osx-x86_64