CRAN Package Check Results for Package snplist

Last updated on 2020-05-30 05:48:17 CEST.

Flavor Version Tinstall Tcheck Ttotal Status Flags
r-devel-linux-x86_64-debian-clang 0.18.1 24.65 151.12 175.77 NOTE
r-devel-linux-x86_64-debian-gcc 0.18.1 21.50 114.56 136.06 NOTE
r-devel-linux-x86_64-fedora-clang 0.18.1 239.27 NOTE
r-devel-linux-x86_64-fedora-gcc 0.18.1 210.89 NOTE
r-devel-windows-ix86+x86_64 0.18.1 74.00 245.00 319.00 OK
r-patched-linux-x86_64 0.18.1 23.03 145.00 168.03 NOTE
r-patched-solaris-x86 0.18.1 314.30 NOTE
r-release-linux-x86_64 0.18.1 21.14 145.97 167.11 NOTE
r-release-osx-x86_64 0.18.1 OK
r-release-windows-ix86+x86_64 0.18.1 52.00 345.00 397.00 OK
r-oldrel-osx-x86_64 0.18.1 OK
r-oldrel-windows-ix86+x86_64 0.18.1 55.00 184.00 239.00 WARN

Check Details

Version: 0.18.1
Check: for non-standard things in the check directory
Result: NOTE
    Found the following files/directories:
     'geneSet.set' 'snplistdb.sqlite'
Flavors: r-devel-linux-x86_64-debian-clang, r-devel-linux-x86_64-debian-gcc, r-devel-linux-x86_64-fedora-clang, r-devel-linux-x86_64-fedora-gcc, r-patched-linux-x86_64, r-patched-solaris-x86, r-release-linux-x86_64

Version: 0.18.1
Check: re-building of vignette outputs
Result: WARN
    Error(s) in re-building vignettes:
    --- re-building 'snplist.Rnw' using knitr
    Quitting from lines 86-91 (snplist.Rnw)
    Error: processing vignette 'snplist.Rnw' failed with diagnostics:
    Not Found (HTTP 404).
    --- failed re-building 'snplist.Rnw'
    
    SUMMARY: processing the following file failed:
     'snplist.Rnw'
    
    Error: Vignette re-building failed.
    Execution halted
Flavor: r-oldrel-windows-ix86+x86_64