CRAN Package Check Results for Package sobir

Last updated on 2021-11-28 05:49:48 CET.

Flavor Version Tinstall Tcheck Ttotal Status Flags
r-devel-linux-x86_64-debian-clang 0.1.2 ERROR
r-devel-linux-x86_64-debian-gcc 0.1.2 8.54 173.47 182.01 ERROR
r-devel-linux-x86_64-fedora-clang 0.1.2 306.36 ERROR
r-devel-linux-x86_64-fedora-gcc 0.1.2 304.72 ERROR
r-devel-windows-x86_64-new-UL 0.1.2 21.00 276.00 297.00 ERROR
r-devel-windows-x86_64-new-TK 0.1.2 NOTE
r-devel-windows-x86_64-old 0.1.2 15.00 295.00 310.00 OK
r-patched-linux-x86_64 0.1.2 11.24 232.08 243.32 ERROR
r-patched-solaris-x86 0.1.2 204.30 ERROR
r-release-linux-x86_64 0.1.2 10.63 230.05 240.68 ERROR
r-release-macos-arm64 0.1.2 NOTE
r-release-macos-x86_64 0.1.2 NOTE
r-release-windows-ix86+x86_64 0.1.2 28.00 278.00 306.00 ERROR
r-oldrel-macos-x86_64 0.1.2 NOTE
r-oldrel-windows-ix86+x86_64 0.1.2 27.00 285.00 312.00 OK

Check Details

Version: 0.1.2
Check: tests
Result: ERROR
     Running 'testthat.R' [8s/9s]
    Running the tests in 'tests/testthat.R' failed.
    Complete output:
     > library(testthat)
     > library(sobir)
     >
     > test_check("sobir")
     == Failed tests ================================================================
     -- Failure (tests.R:42:3): perm_area should calculate the no-data zone areas for each permutation of the data simulated nsim times --
     bperm$data[6, 4] is not strictly more than 0.5. Difference: -0.473
     -- Failure (tests.R:54:3): perm_plot should pull the appropriate data from the perm_area analysis --
     bpplot$data[5, 4] is not strictly more than 0.6. Difference: -0.376
    
     [ FAIL 2 | WARN 2 | SKIP 0 | PASS 6 ]
     Error: Test failures
     Execution halted
Flavor: r-devel-linux-x86_64-debian-clang

Version: 0.1.2
Check: tests
Result: ERROR
     Running ‘testthat.R’ [5s/8s]
    Running the tests in ‘tests/testthat.R’ failed.
    Complete output:
     > library(testthat)
     > library(sobir)
     >
     > test_check("sobir")
     ══ Failed tests ════════════════════════════════════════════════════════════════
     ── Failure (tests.R:42:3): perm_area should calculate the no-data zone areas for each permutation of the data simulated nsim times ──
     bperm$data[6, 4] is not strictly more than 0.5. Difference: -0.473
     ── Failure (tests.R:54:3): perm_plot should pull the appropriate data from the perm_area analysis ──
     bpplot$data[5, 4] is not strictly more than 0.6. Difference: -0.376
    
     [ FAIL 2 | WARN 2 | SKIP 0 | PASS 6 ]
     Error: Test failures
     Execution halted
Flavor: r-devel-linux-x86_64-debian-gcc

Version: 0.1.2
Check: dependencies in R code
Result: NOTE
    Namespaces in Imports field not imported from:
     ‘devtools’ ‘raster’ ‘rlang’ ‘sp’ ‘usethis’
     All declared Imports should be used.
Flavors: r-devel-linux-x86_64-fedora-clang, r-devel-linux-x86_64-fedora-gcc, r-devel-windows-x86_64-new-TK, r-patched-solaris-x86, r-release-macos-arm64, r-release-macos-x86_64, r-oldrel-macos-x86_64

Version: 0.1.2
Check: tests
Result: ERROR
     Running ‘testthat.R’ [9s/11s]
    Running the tests in ‘tests/testthat.R’ failed.
    Complete output:
     > library(testthat)
     > library(sobir)
     >
     > test_check("sobir")
     ══ Failed tests ════════════════════════════════════════════════════════════════
     ── Failure (tests.R:42:3): perm_area should calculate the no-data zone areas for each permutation of the data simulated nsim times ──
     bperm$data[6, 4] is not strictly more than 0.5. Difference: -0.473
     ── Failure (tests.R:54:3): perm_plot should pull the appropriate data from the perm_area analysis ──
     bpplot$data[5, 4] is not strictly more than 0.6. Difference: -0.376
    
     [ FAIL 2 | WARN 2 | SKIP 0 | PASS 6 ]
     Error: Test failures
     Execution halted
Flavor: r-devel-linux-x86_64-fedora-clang

Version: 0.1.2
Check: tests
Result: ERROR
     Running ‘testthat.R’ [10s/10s]
    Running the tests in ‘tests/testthat.R’ failed.
    Complete output:
     > library(testthat)
     > library(sobir)
     >
     > test_check("sobir")
     ══ Failed tests ════════════════════════════════════════════════════════════════
     ── Failure (tests.R:42:3): perm_area should calculate the no-data zone areas for each permutation of the data simulated nsim times ──
     bperm$data[6, 4] is not strictly more than 0.5. Difference: -0.473
     ── Failure (tests.R:54:3): perm_plot should pull the appropriate data from the perm_area analysis ──
     bpplot$data[5, 4] is not strictly more than 0.6. Difference: -0.376
    
     [ FAIL 2 | WARN 2 | SKIP 0 | PASS 6 ]
     Error: Test failures
     Execution halted
Flavor: r-devel-linux-x86_64-fedora-gcc

Version: 0.1.2
Check: tests
Result: ERROR
     Running 'testthat.R' [8s]
    Running the tests in 'tests/testthat.R' failed.
    Complete output:
     > library(testthat)
     > library(sobir)
     >
     > test_check("sobir")
     ══ Failed tests ════════════════════════════════════════════════════════════════
     ── Failure (tests.R:42:3): perm_area should calculate the no-data zone areas for each permutation of the data simulated nsim times ──
     bperm$data[6, 4] is not strictly more than 0.5. Difference: -0.473
     ── Failure (tests.R:54:3): perm_plot should pull the appropriate data from the perm_area analysis ──
     bpplot$data[5, 4] is not strictly more than 0.6. Difference: -0.376
    
     [ FAIL 2 | WARN 2 | SKIP 0 | PASS 6 ]
     Error: Test failures
     Execution halted
Flavor: r-devel-windows-x86_64-new-UL

Version: 0.1.2
Check: tests
Result: ERROR
     Running ‘testthat.R’ [7s/8s]
    Running the tests in ‘tests/testthat.R’ failed.
    Complete output:
     > library(testthat)
     > library(sobir)
     >
     > test_check("sobir")
     ══ Failed tests ════════════════════════════════════════════════════════════════
     ── Failure (tests.R:42:3): perm_area should calculate the no-data zone areas for each permutation of the data simulated nsim times ──
     bperm$data[6, 4] is not strictly more than 0.5. Difference: -0.473
     ── Failure (tests.R:54:3): perm_plot should pull the appropriate data from the perm_area analysis ──
     bpplot$data[5, 4] is not strictly more than 0.6. Difference: -0.376
    
     [ FAIL 2 | WARN 2 | SKIP 0 | PASS 6 ]
     Error: Test failures
     Execution halted
Flavor: r-patched-linux-x86_64

Version: 0.1.2
Check: tests
Result: ERROR
     Running ‘testthat.R’ [12s/15s]
    Running the tests in ‘tests/testthat.R’ failed.
    Complete output:
     > library(testthat)
     > library(sobir)
     >
     > test_check("sobir")
     ══ Failed tests ════════════════════════════════════════════════════════════════
     ── Failure (tests.R:42:3): perm_area should calculate the no-data zone areas for each permutation of the data simulated nsim times ──
     bperm$data[6, 4] is not strictly more than 0.5. Difference: -0.473
     ── Failure (tests.R:54:3): perm_plot should pull the appropriate data from the perm_area analysis ──
     bpplot$data[5, 4] is not strictly more than 0.6. Difference: -0.376
    
     [ FAIL 2 | WARN 2 | SKIP 0 | PASS 6 ]
     Error: Test failures
     Execution halted
Flavor: r-patched-solaris-x86

Version: 0.1.2
Check: tests
Result: ERROR
     Running ‘testthat.R’ [7s/9s]
    Running the tests in ‘tests/testthat.R’ failed.
    Complete output:
     > library(testthat)
     > library(sobir)
     >
     > test_check("sobir")
     ══ Failed tests ════════════════════════════════════════════════════════════════
     ── Failure (tests.R:42:3): perm_area should calculate the no-data zone areas for each permutation of the data simulated nsim times ──
     bperm$data[6, 4] is not strictly more than 0.5. Difference: -0.473
     ── Failure (tests.R:54:3): perm_plot should pull the appropriate data from the perm_area analysis ──
     bpplot$data[5, 4] is not strictly more than 0.6. Difference: -0.376
    
     [ FAIL 2 | WARN 2 | SKIP 0 | PASS 6 ]
     Error: Test failures
     Execution halted
Flavor: r-release-linux-x86_64

Version: 0.1.2
Check: tests
Result: ERROR
     Running 'testthat.R' [9s]
    Running the tests in 'tests/testthat.R' failed.
    Complete output:
     > library(testthat)
     > library(sobir)
     >
     > test_check("sobir")
     == Failed tests ================================================================
     -- Failure (tests.R:42:3): perm_area should calculate the no-data zone areas for each permutation of the data simulated nsim times --
     bperm$data[6, 4] is not strictly more than 0.5. Difference: -0.473
     -- Failure (tests.R:54:3): perm_plot should pull the appropriate data from the perm_area analysis --
     bpplot$data[5, 4] is not strictly more than 0.6. Difference: -0.376
    
     [ FAIL 2 | WARN 2 | SKIP 0 | PASS 6 ]
     Error: Test failures
     Execution halted
Flavor: r-release-windows-ix86+x86_64